Last updated on 2022-07-03 06:54:26 CEST.
Flavor | Version | Tinstall | Tcheck | Ttotal | Status | Flags |
---|---|---|---|---|---|---|
r-devel-linux-x86_64-debian-clang | 0.1.0 | 12.76 | 164.63 | 177.39 | OK | |
r-devel-linux-x86_64-debian-gcc | 0.1.0 | 12.58 | 118.90 | 131.48 | OK | |
r-devel-linux-x86_64-fedora-clang | 0.1.0 | 214.48 | WARN | |||
r-devel-linux-x86_64-fedora-gcc | 0.1.0 | 207.82 | WARN | |||
r-devel-windows-x86_64 | 0.1.0 | 23.00 | 186.00 | 209.00 | OK | |
r-patched-linux-x86_64 | 0.1.0 | 14.80 | 148.65 | 163.45 | OK | |
r-release-linux-x86_64 | 0.1.0 | 15.84 | 149.20 | 165.04 | OK | |
r-release-macos-arm64 | 0.1.0 | 66.00 | NOTE | |||
r-release-macos-x86_64 | 0.1.0 | 128.00 | NOTE | |||
r-release-windows-x86_64 | 0.1.0 | 26.00 | 188.00 | 214.00 | OK | |
r-oldrel-macos-arm64 | 0.1.0 | 63.00 | NOTE | |||
r-oldrel-macos-x86_64 | 0.1.0 | 87.00 | NOTE | |||
r-oldrel-windows-ix86+x86_64 | 0.1.0 | 35.00 | 182.00 | 217.00 | OK |
Version: 0.1.0
Check: package dependencies
Result: WARN
Requires (indirectly) orphaned package: ‘gtools’
Flavors: r-devel-linux-x86_64-fedora-clang, r-devel-linux-x86_64-fedora-gcc
Version: 0.1.0
Check: dependencies in R code
Result: NOTE
Namespace in Imports field not imported from: ‘plsgenomics’
All declared Imports should be used.
Flavors: r-devel-linux-x86_64-fedora-clang, r-devel-linux-x86_64-fedora-gcc, r-release-macos-arm64, r-release-macos-x86_64, r-oldrel-macos-arm64, r-oldrel-macos-x86_64