CRAN Package Check Results for Package MultiKink

Last updated on 2022-12-07 07:54:36 CET.

Flavor Version Tinstall Tcheck Ttotal Status Flags
r-devel-linux-x86_64-debian-clang 0.1.0 10.36 100.68 111.04 OK
r-devel-linux-x86_64-debian-gcc 0.1.0 7.59 76.55 84.14 OK
r-devel-linux-x86_64-fedora-clang 0.1.0 145.52 NOTE
r-devel-linux-x86_64-fedora-gcc 0.1.0 140.65 NOTE
r-devel-windows-x86_64 0.1.0 14.00 121.00 135.00 OK
r-patched-linux-x86_64 0.1.0 10.89 95.36 106.25 OK
r-release-linux-x86_64 0.1.0 9.99 96.14 106.13 OK
r-release-macos-arm64 0.1.0 57.00 NOTE
r-release-macos-x86_64 0.1.0 55.00 NOTE
r-release-windows-x86_64 0.1.0 15.00 124.00 139.00 OK
r-oldrel-macos-arm64 0.1.0 49.00 NOTE
r-oldrel-macos-x86_64 0.1.0 70.00 NOTE
r-oldrel-windows-ix86+x86_64 0.1.0 20.00 121.00 141.00 OK

Check Details

Version: 0.1.0
Check: dependencies in R code
Result: NOTE
    Namespace in Imports field not imported from: ‘MASS’
     All declared Imports should be used.
Flavors: r-devel-linux-x86_64-fedora-clang, r-devel-linux-x86_64-fedora-gcc, r-release-macos-arm64, r-release-macos-x86_64, r-oldrel-macos-arm64, r-oldrel-macos-x86_64