CRAN Package Check Results for Package MultiObjMatch

Last updated on 2022-12-09 11:53:13 CET.

Flavor Version Tinstall Tcheck Ttotal Status Flags
r-devel-linux-x86_64-debian-clang 0.1.0 18.65 179.90 198.55 NOTE
r-devel-linux-x86_64-debian-gcc 0.1.0 14.44 142.04 156.48 NOTE
r-devel-linux-x86_64-fedora-clang 0.1.0 263.77 NOTE
r-devel-linux-x86_64-fedora-gcc 0.1.0 241.87 NOTE
r-devel-windows-x86_64 0.1.0 75.00 225.00 300.00 NOTE
r-patched-linux-x86_64 0.1.0 14.74 166.44 181.18 NOTE
r-release-linux-x86_64 0.1.0 13.24 168.66 181.90 NOTE
r-release-macos-arm64 0.1.0 64.00 NOTE
r-release-macos-x86_64 0.1.0 85.00 NOTE
r-release-windows-x86_64 0.1.0 79.00 198.00 277.00 NOTE
r-oldrel-macos-arm64 0.1.0 54.00 NOTE
r-oldrel-macos-x86_64 0.1.0 82.00 NOTE
r-oldrel-windows-ix86+x86_64 0.1.0 35.00 198.00 233.00 NOTE

Check Details

Version: 0.1.0
Check: package dependencies
Result: NOTE
    Package suggested but not available for checking: 'rrelaxiv'
Flavors: r-devel-linux-x86_64-debian-clang, r-devel-linux-x86_64-debian-gcc, r-devel-linux-x86_64-fedora-clang, r-devel-linux-x86_64-fedora-gcc, r-devel-windows-x86_64, r-patched-linux-x86_64, r-release-linux-x86_64, r-release-macos-arm64, r-release-macos-x86_64, r-release-windows-x86_64, r-oldrel-macos-arm64, r-oldrel-macos-x86_64, r-oldrel-windows-ix86+x86_64

Version: 0.1.0
Check: dependencies in R code
Result: NOTE
    Namespaces in Imports field not imported from:
     ‘RCurl’ ‘fields’ ‘optmatch’ ‘rcbalance’ ‘utils’
     All declared Imports should be used.
Flavors: r-devel-linux-x86_64-fedora-clang, r-devel-linux-x86_64-fedora-gcc, r-release-macos-arm64, r-release-macos-x86_64, r-oldrel-macos-arm64, r-oldrel-macos-x86_64