CRAN Package Check Results for Package My.stepwise

Last updated on 2022-08-13 09:54:29 CEST.

Flavor Version Tinstall Tcheck Ttotal Status Flags
r-devel-linux-x86_64-debian-clang 0.1.0 7.20 68.63 75.83 NOTE
r-devel-linux-x86_64-debian-gcc 0.1.0 7.02 52.77 59.79 NOTE
r-devel-linux-x86_64-fedora-clang 0.1.0 105.03 NOTE
r-devel-linux-x86_64-fedora-gcc 0.1.0 107.82 NOTE
r-devel-windows-x86_64 0.1.0 15.00 87.00 102.00 NOTE
r-patched-linux-x86_64 0.1.0 9.05 65.91 74.96 NOTE
r-release-linux-x86_64 0.1.0 9.32 65.50 74.82 NOTE
r-release-macos-arm64 0.1.0 31.00 NOTE
r-release-macos-x86_64 0.1.0 51.00 NOTE
r-release-windows-x86_64 0.1.0 15.00 89.00 104.00 NOTE
r-oldrel-macos-arm64 0.1.0 46.00 NOTE
r-oldrel-macos-x86_64 0.1.0 80.00 NOTE
r-oldrel-windows-ix86+x86_64 0.1.0 18.00 87.00 105.00 NOTE

Check Details

Version: 0.1.0
Check: LazyData
Result: NOTE
     'LazyData' is specified without a 'data' directory
Flavors: r-devel-linux-x86_64-debian-clang, r-devel-linux-x86_64-debian-gcc, r-devel-linux-x86_64-fedora-clang, r-devel-linux-x86_64-fedora-gcc, r-devel-windows-x86_64, r-patched-linux-x86_64, r-release-linux-x86_64, r-release-macos-arm64, r-release-macos-x86_64, r-release-windows-x86_64, r-oldrel-macos-arm64, r-oldrel-macos-x86_64, r-oldrel-windows-ix86+x86_64