CRAN Package Check Results for Package N2R

Last updated on 2022-09-24 16:51:52 CEST.

Flavor Version Tinstall Tcheck Ttotal Status Flags
r-devel-linux-x86_64-debian-clang 1.0.1 94.05 71.93 165.98 NOTE
r-devel-linux-x86_64-debian-gcc 1.0.1 75.90 55.19 131.09 NOTE
r-devel-windows-x86_64 1.0.1 87.00 121.00 208.00 NOTE
r-patched-linux-x86_64 1.0.1 84.49 67.50 151.99 NOTE
r-release-linux-x86_64 1.0.1 73.91 67.02 140.93 NOTE
r-release-macos-arm64 1.0.1 58.00 NOTE
r-release-macos-x86_64 1.0.1 75.00 NOTE
r-release-windows-x86_64 1.0.1 102.00 118.00 220.00 NOTE
r-oldrel-macos-arm64 1.0.1 43.00 NOTE
r-oldrel-macos-x86_64 1.0.1 74.00 NOTE
r-oldrel-windows-ix86+x86_64 1.0.1 224.00 135.00 359.00 NOTE

Check Details

Version: 1.0.1
Check: for GNU extensions in Makefiles
Result: NOTE
    GNU make is a SystemRequirements.
Flavors: r-devel-linux-x86_64-debian-clang, r-devel-linux-x86_64-debian-gcc, r-devel-windows-x86_64, r-patched-linux-x86_64, r-release-linux-x86_64, r-release-macos-arm64, r-release-macos-x86_64, r-release-windows-x86_64, r-oldrel-macos-arm64, r-oldrel-macos-x86_64, r-oldrel-windows-ix86+x86_64

Version: 1.0.1
Check: installed package size
Result: NOTE
     installed size is 5.9Mb
     sub-directories of 1Mb or more:
     libs 5.8Mb
Flavors: r-release-macos-arm64, r-release-macos-x86_64, r-oldrel-macos-arm64, r-oldrel-macos-x86_64