CRAN Package Check Results for Package NADA2

Last updated on 2022-08-12 03:53:32 CEST.

Flavor Version Tinstall Tcheck Ttotal Status Flags
r-devel-linux-x86_64-debian-clang 1.0.2 18.47 171.03 189.50 OK
r-devel-linux-x86_64-debian-gcc 1.0.2 15.74 126.44 142.18 OK
r-devel-linux-x86_64-fedora-clang 1.0.2 244.68 NOTE
r-devel-linux-x86_64-fedora-gcc 1.0.2 238.10 NOTE
r-devel-windows-x86_64 1.0.2 31.00 211.00 242.00 OK
r-patched-linux-x86_64 1.0.2 20.29 160.52 180.81 OK
r-release-linux-x86_64 1.0.2 15.89 162.27 178.16 OK
r-release-macos-arm64 1.0.2 68.00 NOTE
r-release-macos-x86_64 1.0.2 91.00 NOTE
r-release-windows-x86_64 1.0.2 32.00 198.00 230.00 OK
r-oldrel-macos-arm64 1.0.2 47.00 NOTE
r-oldrel-macos-x86_64 1.0.2 87.00 NOTE
r-oldrel-windows-ix86+x86_64 1.0.2 37.00 193.00 230.00 OK

Check Details

Version: 1.0.2
Check: dependencies in R code
Result: NOTE
    Namespaces in Imports field not imported from:
     ‘Kendall’ ‘perm’
     All declared Imports should be used.
Flavors: r-devel-linux-x86_64-fedora-clang, r-devel-linux-x86_64-fedora-gcc, r-release-macos-arm64, r-release-macos-x86_64, r-oldrel-macos-arm64, r-oldrel-macos-x86_64