CRAN Package Check Results for Package NAM

Last updated on 2018-02-19 04:48:06 CET.

Flavor Version Tinstall Tcheck Ttotal Status Flags
r-devel-linux-x86_64-debian-clang 1.5.5 26.88 69.39 96.27 WARN
r-devel-linux-x86_64-debian-gcc 1.5.5 21.21 57.01 78.22 OK
r-devel-linux-x86_64-fedora-clang 1.5.5 133.16 OK
r-devel-linux-x86_64-fedora-gcc 1.5.5 126.32 OK
r-devel-windows-ix86+x86_64 1.5.5 46.00 96.00 142.00 OK
r-patched-linux-x86_64 1.5.5 18.16 82.85 101.01 OK
r-patched-solaris-x86 1.5.5 140.90 OK
r-release-linux-x86_64 1.5.5 18.46 84.59 103.05 OK
r-release-windows-ix86+x86_64 1.5.5 54.00 145.00 199.00 OK
r-release-osx-x86_64 1.5.5 OK
r-oldrel-windows-ix86+x86_64 1.5.5 39.00 137.00 176.00 OK
r-oldrel-osx-x86_64 1.5.4 OK

Check Details

Version: 1.5.5
Check: whether package can be installed
Result: WARN
    Found the following significant warnings:
     Functions.cpp:743:39: warning: using integer absolute value function 'abs' when argument is of floating point type [-Wabsolute-value]
     Functions.cpp:743:66: warning: using integer absolute value function 'abs' when argument is of floating point type [-Wabsolute-value]
Flavor: r-devel-linux-x86_64-debian-clang