CRAN Package Check Results for Package NAM

Last updated on 2018-08-15 18:48:05 CEST.

Flavor Version Tinstall Tcheck Ttotal Status Flags
r-devel-linux-x86_64-debian-clang 1.6.1 27.70 77.69 105.39 WARN
r-devel-linux-x86_64-debian-gcc 1.6.1 25.59 59.33 84.92 OK
r-devel-linux-x86_64-fedora-clang 1.6.1 130.27 OK
r-devel-linux-x86_64-fedora-gcc 1.6.1 126.18 OK
r-devel-windows-ix86+x86_64 1.6.1 53.00 107.00 160.00 OK
r-patched-linux-x86_64 1.6.1 29.69 73.27 102.96 OK
r-patched-solaris-x86 1.6.1 155.20 OK
r-release-linux-x86_64 1.6.1 29.48 73.83 103.31 OK
r-release-windows-ix86+x86_64 1.6.1 66.00 146.00 212.00 OK
r-release-osx-x86_64 1.6.1 OK
r-oldrel-windows-ix86+x86_64 1.6.1 60.00 129.00 189.00 OK
r-oldrel-osx-x86_64 1.6.1 OK

Check Details

Version: 1.6.1
Check: whether package can be installed
Result: WARN
    Found the following significant warnings:
     Functions.cpp:702:39: warning: using integer absolute value function 'abs' when argument is of floating point type [-Wabsolute-value]
     Functions.cpp:702:66: warning: using integer absolute value function 'abs' when argument is of floating point type [-Wabsolute-value]
Flavor: r-devel-linux-x86_64-debian-clang