CRAN Package Check Results for Package NAM

Last updated on 2018-10-19 12:46:29 CEST.

Flavor Version Tinstall Tcheck Ttotal Status Flags
r-devel-linux-x86_64-debian-clang 1.6.4 31.18 112.36 143.54 WARN
r-devel-linux-x86_64-debian-gcc 1.6.4 28.88 85.94 114.82 OK
r-devel-linux-x86_64-fedora-clang 1.6.4 182.66 OK
r-devel-linux-x86_64-fedora-gcc 1.6.4 174.36 OK
r-devel-windows-ix86+x86_64 1.6.4 72.00 151.00 223.00 OK
r-patched-linux-x86_64 1.6.4 31.43 109.27 140.70 OK
r-patched-solaris-x86 1.6.4 157.80 OK
r-release-linux-x86_64 1.6.4 34.11 109.22 143.33 OK
r-release-windows-ix86+x86_64 1.6.4 59.00 140.00 199.00 OK
r-release-osx-x86_64 1.6.4 OK
r-oldrel-windows-ix86+x86_64 1.6.4 52.00 156.00 208.00 OK
r-oldrel-osx-x86_64 1.6.4 OK

Check Details

Version: 1.6.4
Check: whether package can be installed
Result: WARN
    Found the following significant warnings:
     Functions.cpp:785:39: warning: using integer absolute value function 'abs' when argument is of floating point type [-Wabsolute-value]
     Functions.cpp:785:66: warning: using integer absolute value function 'abs' when argument is of floating point type [-Wabsolute-value]
     Functions.cpp:792:39: warning: using integer absolute value function 'abs' when argument is of floating point type [-Wabsolute-value]
     Functions.cpp:792:66: warning: using integer absolute value function 'abs' when argument is of floating point type [-Wabsolute-value]
Flavor: r-devel-linux-x86_64-debian-clang