CRAN Package Check Results for Package NAM

Last updated on 2019-01-24 06:47:17 CET.

Flavor Version Tinstall Tcheck Ttotal Status Flags
r-devel-linux-x86_64-debian-clang 1.6.4 33.11 81.63 114.74 WARN
r-devel-linux-x86_64-debian-gcc 1.6.4 27.31 61.47 88.78 OK
r-devel-linux-x86_64-fedora-clang 1.6.4 185.08 OK
r-devel-linux-x86_64-fedora-gcc 1.6.4 182.47 OK
r-devel-windows-ix86+x86_64 1.6.4 72.00 162.00 234.00 OK
r-patched-linux-x86_64 1.6.4 33.81 75.45 109.26 OK
r-patched-solaris-x86 1.6.4 161.40 OK
r-release-linux-x86_64 1.6.4 32.58 75.29 107.87 OK
r-release-windows-ix86+x86_64 1.6.4 53.00 146.00 199.00 OK
r-release-osx-x86_64 1.6.4 OK
r-oldrel-windows-ix86+x86_64 1.6.4 63.00 134.00 197.00 OK
r-oldrel-osx-x86_64 1.6.4 OK

Check Details

Version: 1.6.4
Check: whether package can be installed
Result: WARN
    Found the following significant warnings:
     Functions.cpp:785:39: warning: using integer absolute value function 'abs' when argument is of floating point type [-Wabsolute-value]
     Functions.cpp:785:66: warning: using integer absolute value function 'abs' when argument is of floating point type [-Wabsolute-value]
     Functions.cpp:792:39: warning: using integer absolute value function 'abs' when argument is of floating point type [-Wabsolute-value]
     Functions.cpp:792:66: warning: using integer absolute value function 'abs' when argument is of floating point type [-Wabsolute-value]
Flavor: r-devel-linux-x86_64-debian-clang