CRAN Package Check Results for Package NAM

Last updated on 2018-05-25 20:46:52 CEST.

Flavor Version Tinstall Tcheck Ttotal Status Flags
r-devel-linux-x86_64-debian-clang 1.6 30.72 79.17 109.89 WARN
r-devel-linux-x86_64-debian-gcc 1.6 22.68 58.04 80.72 OK
r-devel-linux-x86_64-fedora-clang 1.6 132.64 OK
r-devel-linux-x86_64-fedora-gcc 1.6 126.50 OK
r-devel-windows-ix86+x86_64 1.6 49.00 113.00 162.00 OK
r-patched-linux-x86_64 1.6 28.54 73.62 102.16 OK
r-patched-solaris-x86 1.6 152.70 OK
r-release-linux-x86_64 1.6 27.69 75.04 102.73 OK
r-release-windows-ix86+x86_64 1.6 68.00 141.00 209.00 OK
r-release-osx-x86_64 1.6 OK
r-oldrel-windows-ix86+x86_64 1.6 60.00 111.00 171.00 OK
r-oldrel-osx-x86_64 1.5.5 OK

Check Details

Version: 1.6
Check: whether package can be installed
Result: WARN
    Found the following significant warnings:
     Functions.cpp:704:39: warning: using integer absolute value function 'abs' when argument is of floating point type [-Wabsolute-value]
     Functions.cpp:704:66: warning: using integer absolute value function 'abs' when argument is of floating point type [-Wabsolute-value]
Flavor: r-devel-linux-x86_64-debian-clang