CRAN Package Check Results for Package NBAloveR

Last updated on 2024-02-27 14:49:31 CET.

Flavor Version Tinstall Tcheck Ttotal Status Flags
r-devel-linux-x86_64-debian-clang 0.1.3.3 2.49 28.63 31.12 OK
r-devel-linux-x86_64-debian-gcc 0.1.3.3 2.02 22.09 24.11 OK
r-devel-linux-x86_64-fedora-clang 0.1.3.3 39.33 NOTE
r-devel-linux-x86_64-fedora-gcc 0.1.3.3 50.87 NOTE
r-devel-windows-x86_64 0.1.3.3 4.00 45.00 49.00 OK
r-patched-linux-x86_64 0.1.3.3 1.98 27.59 29.57 OK
r-release-linux-x86_64 0.1.3.3 1.82 27.36 29.18 OK
r-release-macos-arm64 0.1.3.3 24.00 OK
r-release-macos-x86_64 0.1.3.3 35.00 OK
r-release-windows-x86_64 0.1.3.3 6.00 53.00 59.00 OK
r-oldrel-macos-arm64 0.1.3.3 16.00 NOTE
r-oldrel-windows-x86_64 0.1.3.3 5.00 52.00 57.00 OK

Check Details

Version: 0.1.3.3
Check: data for non-ASCII characters
Result: NOTE Note: found 140 marked UTF-8 strings Flavors: r-devel-linux-x86_64-fedora-clang, r-devel-linux-x86_64-fedora-gcc, r-oldrel-macos-arm64