CRAN Package Check Results for Package NBLDA

Last updated on 2019-11-19 06:48:32 CET.

Flavor Version Tinstall Tcheck Ttotal Status Flags
r-devel-linux-x86_64-debian-clang 0.99.0 5.78 44.49 50.27 WARN
r-devel-linux-x86_64-debian-gcc 0.99.0 5.63 36.87 42.50 OK
r-devel-linux-x86_64-fedora-clang 0.99.0 58.63 OK
r-devel-linux-x86_64-fedora-gcc 0.99.0 59.60 OK
r-devel-windows-ix86+x86_64 0.99.0 21.00 59.00 80.00 OK
r-patched-linux-x86_64 0.99.0 5.37 40.69 46.06 OK
r-patched-solaris-x86 0.99.0 87.50 OK
r-release-linux-x86_64 0.99.0 5.23 40.68 45.91 OK
r-release-windows-ix86+x86_64 0.99.0 12.00 83.00 95.00 OK
r-release-osx-x86_64 0.99.0 ERROR
r-oldrel-windows-ix86+x86_64 0.99.0 7.00 52.00 59.00 WARN
r-oldrel-osx-x86_64 0.99.0 ERROR

Check Details

Version: 0.99.0
Check: whether package can be installed
Result: WARN
    Found the following significant warnings:
     Warning: unable to re-encode 'normalize_counts.R' line 58
Flavor: r-devel-linux-x86_64-debian-clang

Version: 0.99.0
Check: package dependencies
Result: ERROR
    Package required but not available: ‘sSeq’
    
    See section ‘The DESCRIPTION file’ in the ‘Writing R Extensions’
    manual.
Flavors: r-release-osx-x86_64, r-oldrel-osx-x86_64

Version: 0.99.0
Check: whether package can be installed
Result: WARN
    Found the following significant warnings:
     Warning: S3 methods '[.fun_list', '[.grouped_df', 'all.equal.tbl_df', 'anti_join.data.frame', 'anti_join.tbl_df', 'arrange.data.frame', 'arrange.default', 'arrange.grouped_df', 'arrange.tbl_df', 'arrange_.data.frame', 'arrange_.tbl_df', 'as.data.frame.grouped_df', 'as.data.frame.rowwise_df', 'as.data.frame.tbl_cube', 'as.table.tbl_cube', 'as.tbl.data.frame', 'as.tbl.tbl', 'as.tbl_cube.array', 'as.tbl_cube.data.frame', 'as.tbl_cube.matrix', 'as.tbl_cube.table', 'as_tibble.grouped_df', 'as_tibble.tbl_cube', 'auto_copy.tbl_cube', 'auto_copy.tbl_df', 'cbind.grouped_df', 'collapse.data.frame', 'collect.data.frame', 'common_by.NULL', 'common_by.character', 'common_by.default', 'common_by.list', 'compute.data.frame', 'copy_to.DBIConnection', 'copy_to.src_local', 'default_missing.data.frame', 'default_missing.default', 'dim.tbl_cube', 'distinct.data.frame', 'distinct.default', 'distinct.grouped_df', 'distinct.tbl_df', 'distinct_.data.frame', 'distinct_.grouped_df', 'distinct_.tbl_df', 'do.NULL', 'do.da [... truncated]
Flavor: r-oldrel-windows-ix86+x86_64