CRAN Package Check Results for Package NEArender

Last updated on 2019-09-20 05:47:00 CEST.

Flavor Version Tinstall Tcheck Ttotal Status Flags
r-devel-linux-x86_64-debian-clang 1.5 9.13 274.31 283.44 NOTE
r-devel-linux-x86_64-debian-gcc 1.5 7.86 241.56 249.42 NOTE
r-devel-linux-x86_64-fedora-clang 1.5 370.76 NOTE
r-devel-linux-x86_64-fedora-gcc 1.5 366.95 NOTE
r-devel-windows-ix86+x86_64 1.5 26.00 303.00 329.00 OK
r-patched-linux-x86_64 1.5 8.00 273.85 281.85 OK
r-patched-solaris-x86 1.5 377.00 OK
r-release-linux-x86_64 1.5 8.64 274.95 283.59 OK
r-release-windows-ix86+x86_64 1.5 17.00 305.00 322.00 OK
r-release-osx-x86_64 1.5 OK
r-oldrel-windows-ix86+x86_64 1.5 10.00 323.00 333.00 OK
r-oldrel-osx-x86_64 1.5 OK

Check Details

Version: 1.5
Check: for non-standard things in the check directory
Result: NOTE
    Found the following files/directories:
     'single_gene_ags.groups.tsv'
Flavors: r-devel-linux-x86_64-debian-clang, r-devel-linux-x86_64-debian-gcc, r-devel-linux-x86_64-fedora-clang, r-devel-linux-x86_64-fedora-gcc