CRAN Package Check Results for Package NEArender

Last updated on 2020-02-27 17:51:01 CET.

Flavor Version Tinstall Tcheck Ttotal Status Flags
r-devel-linux-x86_64-debian-clang 1.5 9.07 283.99 293.06 NOTE
r-devel-linux-x86_64-debian-gcc 1.5 8.78 246.93 255.71 NOTE
r-devel-linux-x86_64-fedora-clang 1.5 378.33 NOTE
r-devel-linux-x86_64-fedora-gcc 1.5 353.73 NOTE
r-devel-windows-ix86+x86_64 1.5 16.00 311.00 327.00 OK
r-devel-windows-ix86+x86_64-gcc8 1.5 16.00 304.00 320.00 OK
r-patched-linux-x86_64 1.5 8.14 279.67 287.81 OK
r-patched-solaris-x86 1.5 388.40 OK
r-release-linux-x86_64 1.5 7.72 285.68 293.40 OK
r-release-windows-ix86+x86_64 1.5 15.00 299.00 314.00 OK
r-release-osx-x86_64 1.5 OK
r-oldrel-windows-ix86+x86_64 1.5 11.00 80.00 91.00 WARN
r-oldrel-osx-x86_64 1.5 OK

Check Details

Version: 1.5
Check: for non-standard things in the check directory
Result: NOTE
    Found the following files/directories:
     'single_gene_ags.groups.tsv'
Flavors: r-devel-linux-x86_64-debian-clang, r-devel-linux-x86_64-debian-gcc, r-devel-linux-x86_64-fedora-clang, r-devel-linux-x86_64-fedora-gcc

Version: 1.5
Check: re-building of vignette outputs
Result: WARN
    Error in re-building vignettes:
     ...
    Warning in block_exec(params) :
     Failed to tidy R code in chunk 'unnamed-chunk-2'. Reason:
    Error in loadNamespace(name) : there is no package called 'formatR'
    
    Warning in block_exec(params) :
     Failed to tidy R code in chunk 'unnamed-chunk-3'. Reason:
    Error in loadNamespace(name) : there is no package called 'formatR'
    
    Warning in block_exec(params) :
     Failed to tidy R code in chunk 'unnamed-chunk-4'. Reason:
    Error in loadNamespace(name) : there is no package called 'formatR'
    
    Warning in block_exec(params) :
     Failed to tidy R code in chunk 'unnamed-chunk-5'. Reason:
    Error in loadNamespace(name) : there is no package called 'formatR'
    
    Quitting from lines 174-175 (NEArender_vignette.Rmd)
    Error: processing vignette 'NEArender_vignette.Rmd' failed with diagnostics:
    cannot open the connection
    Execution halted
Flavor: r-oldrel-windows-ix86+x86_64