CRAN Package Check Results for Package NFP

Last updated on 2018-08-17 13:46:34 CEST.

Flavor Version Tinstall Tcheck Ttotal Status Flags
r-devel-linux-x86_64-debian-clang 0.99.2 39.17 205.25 244.42 NOTE
r-devel-linux-x86_64-debian-gcc 0.99.2 33.26 166.73 199.99 NOTE
r-devel-linux-x86_64-fedora-clang 0.99.2 300.27 NOTE
r-devel-linux-x86_64-fedora-gcc 0.99.2 295.88 NOTE
r-devel-windows-ix86+x86_64 0.99.2 66.00 276.00 342.00 NOTE
r-patched-linux-x86_64 0.99.2 40.34 179.25 219.59 NOTE
r-patched-solaris-x86 0.99.2 506.20 NOTE
r-release-linux-x86_64 0.99.2 31.89 177.70 209.59 NOTE
r-release-windows-ix86+x86_64 0.99.2 61.00 268.00 329.00 NOTE
r-release-osx-x86_64 0.99.2 WARN
r-oldrel-windows-ix86+x86_64 0.99.2 65.00 225.00 290.00 NOTE
r-oldrel-osx-x86_64 0.99.2 WARN

Check Details

Version: 0.99.2
Check: package dependencies
Result: NOTE
    Package suggested but not available for checking: ‘NFPdata’
Flavors: r-devel-linux-x86_64-debian-clang, r-devel-linux-x86_64-debian-gcc, r-devel-linux-x86_64-fedora-clang, r-devel-linux-x86_64-fedora-gcc, r-devel-windows-ix86+x86_64, r-patched-linux-x86_64, r-patched-solaris-x86, r-release-linux-x86_64, r-release-windows-ix86+x86_64, r-oldrel-windows-ix86+x86_64

Version: 0.99.2
Check: installed package size
Result: NOTE
     installed size is 8.0Mb
     sub-directories of 1Mb or more:
     data 7.6Mb
Flavors: r-devel-linux-x86_64-fedora-clang, r-devel-windows-ix86+x86_64, r-patched-solaris-x86, r-release-windows-ix86+x86_64, r-release-osx-x86_64, r-oldrel-windows-ix86+x86_64, r-oldrel-osx-x86_64

Version: 0.99.2
Check: package dependencies
Result: NOTE
    Packages suggested but not available for checking:
     ‘BiocStyle’ ‘graphite’ ‘NFPdata’
Flavors: r-release-osx-x86_64, r-oldrel-osx-x86_64

Version: 0.99.2
Check: re-building of vignette outputs
Result: WARN
    Error in re-building vignettes:
     ...
    Quitting from lines 10-11 (NFP.Rnw)
    Error: processing vignette 'NFP.Rnw' failed with diagnostics:
    there is no package called 'BiocStyle'
    Execution halted
Flavors: r-release-osx-x86_64, r-oldrel-osx-x86_64