CRAN Package Check Results for Package NFP

Last updated on 2018-02-25 16:48:30 CET.

Flavor Version Tinstall Tcheck Ttotal Status Flags
r-devel-linux-x86_64-debian-clang 0.99.2 33.05 167.59 200.64 NOTE
r-devel-linux-x86_64-debian-gcc 0.99.2 32.65 137.06 169.71 NOTE
r-devel-windows-ix86+x86_64 0.99.2 56.00 246.00 302.00 NOTE
r-patched-linux-x86_64 0.99.2 35.44 185.11 220.55 NOTE
r-patched-solaris-x86 0.99.2 501.10 NOTE
r-release-linux-x86_64 0.99.2 33.58 182.21 215.79 NOTE
r-release-windows-ix86+x86_64 0.99.2 67.00 267.00 334.00 NOTE
r-release-osx-x86_64 0.99.2 ERROR
r-oldrel-windows-ix86+x86_64 0.99.2 53.00 194.00 247.00 ERROR
r-oldrel-osx-x86_64 0.99.2 NOTE

Check Details

Version: 0.99.2
Check: package dependencies
Result: NOTE
    Package suggested but not available for checking: ‘NFPdata’
Flavors: r-devel-linux-x86_64-debian-clang, r-devel-linux-x86_64-debian-gcc, r-devel-windows-ix86+x86_64, r-patched-linux-x86_64, r-patched-solaris-x86, r-release-linux-x86_64, r-release-windows-ix86+x86_64, r-oldrel-windows-ix86+x86_64, r-oldrel-osx-x86_64

Version: 0.99.2
Check: installed package size
Result: NOTE
     installed size is 8.0Mb
     sub-directories of 1Mb or more:
     data 7.5Mb
Flavors: r-devel-windows-ix86+x86_64, r-patched-solaris-x86, r-release-windows-ix86+x86_64, r-oldrel-windows-ix86+x86_64, r-oldrel-osx-x86_64

Version: 0.99.2
Check: package dependencies
Result: ERROR
    Package required but not available: ‘KEGGgraph’
    
    Packages suggested but not available for checking:
     ‘BiocStyle’ ‘graphite’ ‘NFPdata’
    
    See section ‘The DESCRIPTION file’ in the ‘Writing R Extensions’
    manual.
Flavor: r-release-osx-x86_64

Version: 0.99.2
Check: tests
Result: ERROR
     Running 'testthat.R' [15s]
    Running the tests in 'tests/testthat.R' failed.
    Last 13 lines of output:
     cat(msg)
     if (length(msg) == 0) {
     e = simpleError(paste(1:length(messages), messages, sep = ": ", collapse = ""))
     class(e) = c(class, class(e))
     stop(e)
     }
     messages <<- c(messages, msg)
     })(character(0))
    
     == testthat results ===========================================================
     OK: 14 SKIPPED: 0 FAILED: 1
     1. Error: (unknown) (@test-NFP.R#13)
    
     Error: testthat unit tests failed
     Execution halted
Flavor: r-oldrel-windows-ix86+x86_64