CRAN Package Check Results for Package NFP

Last updated on 2019-01-22 05:49:20 CET.

Flavor Version Tinstall Tcheck Ttotal Status Flags
r-devel-linux-x86_64-debian-clang 0.99.2 34.91 225.92 260.83 NOTE
r-devel-linux-x86_64-debian-gcc 0.99.2 32.10 182.04 214.14 NOTE
r-devel-linux-x86_64-fedora-clang 0.99.2 342.25 NOTE
r-devel-linux-x86_64-fedora-gcc 0.99.2 323.77 NOTE
r-devel-windows-ix86+x86_64 0.99.2 62.00 306.00 368.00 NOTE
r-patched-linux-x86_64 0.99.2 34.19 217.29 251.48 NOTE
r-patched-solaris-x86 0.99.2 594.80 NOTE
r-release-linux-x86_64 0.99.2 35.55 219.65 255.20 NOTE
r-release-windows-ix86+x86_64 0.99.2 68.00 283.00 351.00 NOTE
r-release-osx-x86_64 0.99.2 WARN
r-oldrel-windows-ix86+x86_64 0.99.2 67.00 277.00 344.00 NOTE
r-oldrel-osx-x86_64 0.99.2 WARN

Check Details

Version: 0.99.2
Check: package dependencies
Result: NOTE
    Package suggested but not available for checking: ‘NFPdata’
Flavors: r-devel-linux-x86_64-debian-clang, r-devel-linux-x86_64-debian-gcc, r-devel-linux-x86_64-fedora-clang, r-devel-linux-x86_64-fedora-gcc, r-devel-windows-ix86+x86_64, r-patched-linux-x86_64, r-patched-solaris-x86, r-release-linux-x86_64, r-release-windows-ix86+x86_64, r-oldrel-windows-ix86+x86_64

Version: 0.99.2
Check: installed package size
Result: NOTE
     installed size is 8.0Mb
     sub-directories of 1Mb or more:
     data 7.6Mb
Flavors: r-devel-linux-x86_64-fedora-clang, r-devel-windows-ix86+x86_64, r-patched-solaris-x86, r-release-windows-ix86+x86_64, r-release-osx-x86_64, r-oldrel-windows-ix86+x86_64, r-oldrel-osx-x86_64

Version: 0.99.2
Check: package dependencies
Result: NOTE
    Packages suggested but not available for checking:
     ‘BiocStyle’ ‘graphite’ ‘NFPdata’
Flavors: r-release-osx-x86_64, r-oldrel-osx-x86_64

Version: 0.99.2
Check: re-building of vignette outputs
Result: WARN
    Error in re-building vignettes:
     ...
    Quitting from lines 10-11 (NFP.Rnw)
    Error: processing vignette 'NFP.Rnw' failed with diagnostics:
    there is no package called 'BiocStyle'
    Execution halted
Flavors: r-release-osx-x86_64, r-oldrel-osx-x86_64