CRAN Package Check Results for Package NFP

Last updated on 2018-10-16 10:51:19 CEST.

Flavor Version Tinstall Tcheck Ttotal Status Flags
r-devel-linux-x86_64-debian-clang 0.99.2 34.73 204.46 239.19 NOTE
r-devel-linux-x86_64-debian-gcc 0.99.2 35.99 164.16 200.15 NOTE
r-devel-linux-x86_64-fedora-clang 0.99.2 302.96 NOTE
r-devel-linux-x86_64-fedora-gcc 0.99.2 296.77 NOTE
r-devel-windows-ix86+x86_64 0.99.2 71.00 305.00 376.00 NOTE
r-patched-linux-x86_64 0.99.2 36.71 179.80 216.51 NOTE
r-patched-solaris-x86 0.99.2 506.30 NOTE
r-release-linux-x86_64 0.99.2 36.56 178.78 215.34 NOTE
r-release-windows-ix86+x86_64 0.99.2 59.00 272.00 331.00 NOTE
r-release-osx-x86_64 0.99.2 WARN
r-oldrel-windows-ix86+x86_64 0.99.2 64.00 270.00 334.00 NOTE
r-oldrel-osx-x86_64 0.99.2 WARN

Check Details

Version: 0.99.2
Check: package dependencies
Result: NOTE
    Package suggested but not available for checking: ‘NFPdata’
Flavors: r-devel-linux-x86_64-debian-clang, r-devel-linux-x86_64-debian-gcc, r-devel-linux-x86_64-fedora-clang, r-devel-linux-x86_64-fedora-gcc, r-devel-windows-ix86+x86_64, r-patched-linux-x86_64, r-patched-solaris-x86, r-release-linux-x86_64, r-release-windows-ix86+x86_64, r-oldrel-windows-ix86+x86_64

Version: 0.99.2
Check: installed package size
Result: NOTE
     installed size is 8.0Mb
     sub-directories of 1Mb or more:
     data 7.6Mb
Flavors: r-devel-linux-x86_64-fedora-clang, r-devel-windows-ix86+x86_64, r-patched-solaris-x86, r-release-windows-ix86+x86_64, r-release-osx-x86_64, r-oldrel-windows-ix86+x86_64, r-oldrel-osx-x86_64

Version: 0.99.2
Check: package dependencies
Result: NOTE
    Packages suggested but not available for checking:
     ‘BiocStyle’ ‘graphite’ ‘NFPdata’
Flavors: r-release-osx-x86_64, r-oldrel-osx-x86_64

Version: 0.99.2
Check: re-building of vignette outputs
Result: WARN
    Error in re-building vignettes:
     ...
    Quitting from lines 10-11 (NFP.Rnw)
    Error: processing vignette 'NFP.Rnw' failed with diagnostics:
    there is no package called 'BiocStyle'
    Execution halted
Flavors: r-release-osx-x86_64, r-oldrel-osx-x86_64