CRAN Package Check Results for Package NHSDataDictionaRy

Last updated on 2022-08-12 03:53:32 CEST.

Flavor Version Tinstall Tcheck Ttotal Status Flags
r-devel-linux-x86_64-debian-clang 1.2.5 5.54 61.96 67.50 OK
r-devel-linux-x86_64-debian-gcc 1.2.5 4.29 46.39 50.68 OK
r-devel-linux-x86_64-fedora-clang 1.2.5 89.00 NOTE
r-devel-linux-x86_64-fedora-gcc 1.2.5 90.61 NOTE
r-devel-windows-x86_64 1.2.5 50.00 95.00 145.00 OK
r-patched-linux-x86_64 1.2.5 4.35 57.88 62.23 OK
r-release-linux-x86_64 1.2.5 3.87 58.66 62.53 OK
r-release-macos-arm64 1.2.5 55.00 NOTE
r-release-macos-x86_64 1.2.5 72.00 NOTE
r-release-windows-x86_64 1.2.5 27.00 93.00 120.00 OK
r-oldrel-macos-arm64 1.2.5 47.00 NOTE
r-oldrel-macos-x86_64 1.2.5 51.00 NOTE
r-oldrel-windows-ix86+x86_64 1.2.5 15.00 84.00 99.00 OK

Check Details

Version: 1.2.5
Check: dependencies in R code
Result: NOTE
    Namespace in Imports field not imported from: ‘tibble’
     All declared Imports should be used.
Flavors: r-devel-linux-x86_64-fedora-clang, r-devel-linux-x86_64-fedora-gcc, r-release-macos-arm64, r-release-macos-x86_64, r-oldrel-macos-arm64, r-oldrel-macos-x86_64