CRAN Package Check Results for Package NLMR

Last updated on 2018-02-22 06:48:36 CET.

Flavor Version Tinstall Tcheck Ttotal Status Flags
r-devel-linux-x86_64-debian-clang 0.2.1 3.11 89.64 92.75 OK
r-devel-linux-x86_64-debian-gcc 0.2.1 2.35 76.27 78.62 OK
r-devel-linux-x86_64-fedora-clang 0.2.1 121.20 OK
r-devel-linux-x86_64-fedora-gcc 0.2.1 118.28 OK
r-devel-windows-ix86+x86_64 0.2.1 6.00 112.00 118.00 OK
r-patched-linux-x86_64 0.2.1 2.33 121.85 124.18 OK
r-patched-solaris-x86 0.2.1 168.50 OK
r-release-linux-x86_64 0.2.1 2.17 116.52 118.69 OK
r-release-windows-ix86+x86_64 0.2.1 19.00 175.00 194.00 OK
r-release-osx-x86_64 0.2.1 OK
r-oldrel-windows-ix86+x86_64 0.2.1 6.00 109.00 115.00 OK
r-oldrel-osx-x86_64 0.2 WARN

Check Details

Version: 0.2
Check: re-building of vignette outputs
Result: WARN
    Error in re-building vignettes:
     ...
    Warning in engine$weave(file, quiet = quiet, encoding = enc) :
     Pandoc (>= 1.12.3) and/or pandoc-citeproc not available. Falling back to R Markdown v1.
    Warning in engine$weave(file, quiet = quiet, encoding = enc) :
     Pandoc (>= 1.12.3) and/or pandoc-citeproc not available. Falling back to R Markdown v1.
    Warning in engine$weave(file, quiet = quiet, encoding = enc) :
     Pandoc (>= 1.12.3) and/or pandoc-citeproc not available. Falling back to R Markdown v1.
    Warning in engine$weave(file, quiet = quiet, encoding = enc) :
     Pandoc (>= 1.12.3) and/or pandoc-citeproc not available. Falling back to R Markdown v1.
    Quitting from lines 66-68 (getstarted.Rmd)
    Error: processing vignette 'getstarted.Rmd' failed with diagnostics:
    polygon edge not found
    Execution halted
Flavor: r-oldrel-osx-x86_64