CRAN Package Check Results for Package NMF

Last updated on 2018-10-16 21:50:20 CEST.

Flavor Version Tinstall Tcheck Ttotal Status Flags
r-devel-linux-x86_64-debian-clang 0.21.0 25.46 129.58 155.04 NOTE --no-examples --no-tests --no-vignettes
r-devel-linux-x86_64-debian-gcc 0.21.0 18.80 101.82 120.62 NOTE --no-examples --no-tests --no-vignettes
r-devel-linux-x86_64-fedora-clang 0.21.0 694.16 OK
r-devel-linux-x86_64-fedora-gcc 0.21.0 701.33 OK
r-devel-windows-ix86+x86_64 0.21.0 56.00 867.00 923.00 OK
r-patched-linux-x86_64 0.21.0 23.33 115.70 139.03 NOTE --no-examples --no-tests --no-vignettes
r-patched-solaris-x86 0.21.0 249.90 ERROR --no-build-vignettes
r-release-linux-x86_64 0.21.0 18.43 115.21 133.64 NOTE --no-examples --no-tests --no-vignettes
r-release-windows-ix86+x86_64 0.21.0 64.00 781.00 845.00 OK
r-release-osx-x86_64 0.21.0 NOTE
r-oldrel-windows-ix86+x86_64 0.21.0 42.00 926.00 968.00 OK
r-oldrel-osx-x86_64 0.21.0 NOTE

Check Details

Version: 0.21.0
Flags: --no-examples --no-tests --no-vignettes
Check: dependencies in R code
Result: NOTE
    gimli.30349hfi_wait_for_device: The /dev/hfi1_0 device failed to appear after 15.0 seconds: Connection timed out
Flavor: r-devel-linux-x86_64-debian-clang

Version: 0.21.0
Flags: --no-examples --no-tests --no-vignettes
Check: dependencies in R code
Result: NOTE
    gimli2.13344hfi_wait_for_device: The /dev/hfi1_0 device failed to appear after 15.0 seconds: Connection timed out
Flavor: r-devel-linux-x86_64-debian-gcc

Version: 0.21.0
Flags: --no-examples --no-tests --no-vignettes
Check: dependencies in R code
Result: NOTE
    gimli.27605hfi_wait_for_device: The /dev/hfi1_0 device failed to appear after 15.0 seconds: Connection timed out
Flavor: r-patched-linux-x86_64

Version: 0.21.0
Flags: --no-build-vignettes
Check: examples
Result: ERROR
    Running examples in ‘NMF-Ex.R’ failed
    The error most likely occurred in:
    
    > ### Name: getRNG1
    > ### Title: Extracting RNG Data from NMF Objects
    > ### Aliases: .getRNG getRNG1 getRNG1-methods getRNG1,NMFfitX1-method
    > ### getRNG1,NMFfitX-method getRNG1,NMFfitXn-method .getRNG-methods
    > ### .getRNG,NMFfitXn-method
    > ### Keywords: methods
    >
    > ### ** Examples
    >
    > ## Don't show:
    > # roxygen generated flag
    > options(R_CHECK_RUNNING_EXAMPLES_=TRUE)
    > ## End(Don't show)
    >
    > # For multiple NMF runs, the RNG settings used for the first run is also stored
    > V <- rmatrix(20,10)
    > res <- nmf(V, 3, nrun=4)
    # NOTE - CRAN check detected: limiting maximum number of cores [2/16]
    Error in big.matrix(nrow = nrow(x), ncol = ncol(x), type = type, init = NULL, :
     Error: memory could not be allocated for instance of type big.matrix
    Calls: nmf ... gVariable -> <Anonymous> -> <Anonymous> -> big.matrix
    Timing stopped at: 0.018 0.032 0.053
    Execution halted
Flavor: r-patched-solaris-x86

Version: 0.21.0
Flags: --no-examples --no-tests --no-vignettes
Check: dependencies in R code
Result: NOTE
    gimli.20590hfi_wait_for_device: The /dev/hfi1_0 device failed to appear after 15.0 seconds: Connection timed out
Flavor: r-release-linux-x86_64

Version: 0.21.0
Check: package dependencies
Result: NOTE
    Package suggested but not available for checking: ‘doMPI’
Flavors: r-release-osx-x86_64, r-oldrel-osx-x86_64