CRAN Package Check Results for Package NMFN

Last updated on 2019-12-06 03:47:28 CET.

Flavor Version Tinstall Tcheck Ttotal Status Flags
r-devel-linux-x86_64-debian-clang 2.0 1.78 19.65 21.43 NOTE
r-devel-linux-x86_64-debian-gcc 2.0 1.63 15.35 16.98 NOTE
r-devel-linux-x86_64-fedora-clang 2.0 25.95 NOTE
r-devel-linux-x86_64-fedora-gcc 2.0 25.56 NOTE
r-devel-windows-ix86+x86_64 2.0 5.00 28.00 33.00 NOTE
r-devel-windows-ix86+x86_64-gcc8 2.0 5.00 30.00 35.00 NOTE
r-patched-linux-x86_64 2.0 1.37 17.84 19.21 NOTE
r-patched-solaris-x86 2.0 39.30 NOTE
r-release-linux-x86_64 2.0 1.59 17.90 19.49 NOTE
r-release-windows-ix86+x86_64 2.0 5.00 43.00 48.00 NOTE
r-release-osx-x86_64 2.0 NOTE
r-oldrel-windows-ix86+x86_64 2.0 3.00 25.00 28.00 NOTE
r-oldrel-osx-x86_64 2.0 NOTE

Check Details

Version: 2.0
Check: DESCRIPTION meta-information
Result: NOTE
    Malformed Description field: should contain one or more complete sentences.
Flavors: r-devel-linux-x86_64-debian-clang, r-devel-linux-x86_64-debian-gcc, r-devel-linux-x86_64-fedora-clang, r-devel-linux-x86_64-fedora-gcc, r-devel-windows-ix86+x86_64, r-devel-windows-ix86+x86_64-gcc8, r-patched-linux-x86_64, r-patched-solaris-x86, r-release-linux-x86_64, r-release-windows-ix86+x86_64, r-release-osx-x86_64, r-oldrel-windows-ix86+x86_64, r-oldrel-osx-x86_64

Version: 2.0
Check: R code for possible problems
Result: NOTE
    nnmf_als: no visible global function definition for 'rnorm'
    nnmf_mm: no visible global function definition for 'rnorm'
    nnmf_prob: no visible global function definition for 'rnorm'
    Undefined global functions or variables:
     rnorm
    Consider adding
     importFrom("stats", "rnorm")
    to your NAMESPACE file.
Flavors: r-devel-linux-x86_64-debian-clang, r-devel-linux-x86_64-debian-gcc, r-devel-linux-x86_64-fedora-clang, r-devel-linux-x86_64-fedora-gcc, r-devel-windows-ix86+x86_64, r-devel-windows-ix86+x86_64-gcc8, r-patched-linux-x86_64, r-patched-solaris-x86, r-release-linux-x86_64, r-release-windows-ix86+x86_64, r-release-osx-x86_64, r-oldrel-windows-ix86+x86_64, r-oldrel-osx-x86_64