CRAN Package Check Results for Package NMFN

Last updated on 2020-07-07 07:48:10 CEST.

Flavor Version Tinstall Tcheck Ttotal Status Flags
r-devel-linux-x86_64-debian-clang 2.0 1.71 20.13 21.84 NOTE
r-devel-linux-x86_64-debian-gcc 2.0 1.65 15.66 17.31 NOTE
r-devel-linux-x86_64-fedora-clang 2.0 34.78 NOTE
r-devel-linux-x86_64-fedora-gcc 2.0 26.75 NOTE
r-devel-windows-ix86+x86_64 2.0 7.00 31.00 38.00 NOTE
r-patched-linux-x86_64 2.0 2.20 19.91 22.11 NOTE
r-patched-solaris-x86 2.0 39.70 NOTE
r-release-linux-x86_64 2.0 1.84 19.91 21.75 NOTE
r-release-osx-x86_64 2.0 NOTE
r-release-windows-ix86+x86_64 2.0 5.00 32.00 37.00 NOTE
r-oldrel-osx-x86_64 2.0 NOTE
r-oldrel-windows-ix86+x86_64 2.0 5.00 43.00 48.00 NOTE

Check Details

Version: 2.0
Check: DESCRIPTION meta-information
Result: NOTE
    Malformed Description field: should contain one or more complete sentences.
Flavors: r-devel-linux-x86_64-debian-clang, r-devel-linux-x86_64-debian-gcc, r-devel-linux-x86_64-fedora-clang, r-devel-linux-x86_64-fedora-gcc, r-devel-windows-ix86+x86_64, r-patched-linux-x86_64, r-patched-solaris-x86, r-release-linux-x86_64, r-release-osx-x86_64, r-release-windows-ix86+x86_64, r-oldrel-osx-x86_64, r-oldrel-windows-ix86+x86_64

Version: 2.0
Check: R code for possible problems
Result: NOTE
    nnmf_als: no visible global function definition for 'rnorm'
    nnmf_mm: no visible global function definition for 'rnorm'
    nnmf_prob: no visible global function definition for 'rnorm'
    Undefined global functions or variables:
     rnorm
    Consider adding
     importFrom("stats", "rnorm")
    to your NAMESPACE file.
Flavors: r-devel-linux-x86_64-debian-clang, r-devel-linux-x86_64-debian-gcc, r-devel-linux-x86_64-fedora-clang, r-devel-linux-x86_64-fedora-gcc, r-devel-windows-ix86+x86_64, r-patched-linux-x86_64, r-patched-solaris-x86, r-release-linux-x86_64, r-release-osx-x86_64, r-release-windows-ix86+x86_64, r-oldrel-osx-x86_64, r-oldrel-windows-ix86+x86_64