CRAN Package Check Results for Package NNLM

Last updated on 2018-09-22 18:47:37 CEST.

Flavor Version Tinstall Tcheck Ttotal Status Flags
r-devel-linux-x86_64-debian-clang 0.4.2 56.64 326.10 382.74 NOTE
r-devel-linux-x86_64-debian-gcc 0.4.2 50.69 295.83 346.52 NOTE
r-devel-linux-x86_64-fedora-clang 0.4.2 471.48 NOTE
r-devel-linux-x86_64-fedora-gcc 0.4.2 480.35 NOTE
r-devel-windows-ix86+x86_64 0.4.2 136.00 459.00 595.00 OK
r-patched-linux-x86_64 0.4.2 62.63 399.43 462.06 OK
r-patched-solaris-x86 0.4.2 556.30 OK
r-release-linux-x86_64 0.4.2 64.14 393.96 458.10 OK
r-release-windows-ix86+x86_64 0.4.2 103.00 448.00 551.00 OK
r-release-osx-x86_64 0.4.2 OK
r-oldrel-windows-ix86+x86_64 0.4.2 101.00 380.00 481.00 OK
r-oldrel-osx-x86_64 0.4.2 OK

Additional issues

clang-UBSAN gcc-UBSAN

Check Details

Version: 0.4.2
Check: use of SHLIB_OPENMP_*FLAGS in Makefiles
Result: NOTE
     src/Makevars: SHLIB_OPENMP_CXXFLAGS is included in PKG_LIBS but not in PKG_CXXFLAGS
     src/Makevars: it is not portable to include SHLIB_OPENMP_*' macros in PKG_CPPFLAGS
    Use of these macros is discussed in sect 1.2.1.1 of ‘Writing R
    Extensions’. The macros for different languages may differ so the
    matching macro must be used in PKG_CXXFLAGS (etc) and match that used
    in PKG_LIBS (except for F77: see the manual).
    PKG_CPPFLAGS is used for both C and C++ code so it is not portable to
    use it for these macros.
Flavors: r-devel-linux-x86_64-debian-clang, r-devel-linux-x86_64-debian-gcc, r-devel-linux-x86_64-fedora-clang, r-devel-linux-x86_64-fedora-gcc