CRAN Package Check Results for Package NNLM

Last updated on 2018-12-10 00:46:56 CET.

Flavor Version Tinstall Tcheck Ttotal Status Flags
r-devel-linux-x86_64-debian-clang 0.4.2 57.02 323.75 380.77 NOTE
r-devel-linux-x86_64-debian-gcc 0.4.2 49.37 330.21 379.58 NOTE
r-devel-linux-x86_64-fedora-clang 0.4.2 478.50 NOTE
r-devel-linux-x86_64-fedora-gcc 0.4.2 496.95 NOTE
r-devel-windows-ix86+x86_64 0.4.2 137.00 469.00 606.00 OK
r-patched-linux-x86_64 0.4.2 63.91 405.89 469.80 OK
r-patched-solaris-x86 0.4.2 537.70 OK
r-release-linux-x86_64 0.4.2 62.87 363.08 425.95 OK
r-release-windows-ix86+x86_64 0.4.2 139.00 378.00 517.00 OK
r-release-osx-x86_64 0.4.2 OK
r-oldrel-windows-ix86+x86_64 0.4.2 99.00 385.00 484.00 OK
r-oldrel-osx-x86_64 0.4.2 OK

Additional issues

clang-UBSAN gcc-UBSAN

Check Details

Version: 0.4.2
Check: use of SHLIB_OPENMP_*FLAGS in Makefiles
Result: NOTE
     src/Makevars: SHLIB_OPENMP_CXXFLAGS is included in PKG_LIBS but not in PKG_CXXFLAGS
     src/Makevars: it is not portable to include SHLIB_OPENMP_*' macros in PKG_CPPFLAGS
    Use of these macros is discussed in sect 1.2.1.1 of ‘Writing R
    Extensions’. The macros for different languages may differ so the
    matching macro must be used in PKG_CXXFLAGS (etc) and match that used
    in PKG_LIBS (except for Fortran: see the manual).
    PKG_CPPFLAGS is used for both C and C++ code so it is not portable to
    use it for these macros.
Flavors: r-devel-linux-x86_64-debian-clang, r-devel-linux-x86_64-debian-gcc, r-devel-linux-x86_64-fedora-clang, r-devel-linux-x86_64-fedora-gcc