CRAN Package Check Results for Package NNLM

Last updated on 2018-06-19 06:48:21 CEST.

Flavor Version Tinstall Tcheck Ttotal Status Flags
r-devel-linux-x86_64-fedora-clang 0.4.2 338.37 OK
r-devel-linux-x86_64-fedora-gcc 0.4.2 328.81 OK
r-patched-solaris-x86 0.4.2 505.30 OK
r-release-osx-x86_64 0.4.1 WARN
r-oldrel-windows-ix86+x86_64 0.4.2 150.00 471.00 621.00 OK
r-oldrel-osx-x86_64 0.4.1 OK

Additional issues

clang-UBSAN gcc-UBSAN

Check Details

Version: 0.4.1
Check: re-building of vignette outputs
Result: WARN
    Error in re-building vignettes:
     ...
    **************************************************|
    Warning in system.time(out <- .Call("NNLM_nnmf", A, as.integer(k), init.mask$Wi, :
     Target tolerance not reached. Try a larger max.iter.
    0% 10 20 30 40 50 60 70 80 90 100%
    [----|----|----|----|----|----|----|----|----|----|
    **************************************************|
    Warning in system.time(out <- .Call("NNLM_nnmf", A, as.integer(k), init.mask$Wi, :
     Target tolerance not reached. Try a larger max.iter.
    0% 10 20 30 40 50 60 70 80 90 100%
    [----|----|----|----|----|----|----|----|----|----|
    **************************************************|
    Warning in system.time(out <- .Call("NNLM_nnmf", A, as.integer(k), init.mask$Wi, :
     Target tolerance not reached. Try a larger max.iter.
    0% 10 20 30 40 50 60 70 80 90 100%
    [----|----|----|----|----|----|----|----|----|----|
    **************************************************|
    Warning in system.time(out <- .Call("NNLM_nnmf", A, as.integer(k), init.mask$Wi, :
     Target tolerance not reached. Try a larger max.iter.
    0% 10 20 30 40 50 60 70 80 90 100%
    [----|----|----|----|----|----|----|----|----|----|
    **************************************************|
    Quitting from lines 475-495 (Fast-And-Versatile-NMF.Rmd)
    Error: processing vignette 'Fast-And-Versatile-NMF.Rmd' failed with diagnostics:
    cannot open the connection
    Execution halted
Flavor: r-release-osx-x86_64