CRAN Package Check Results for Package NNS

Last updated on 2018-05-28 09:47:57 CEST.

Flavor Version Tinstall Tcheck Ttotal Status Flags
r-devel-linux-x86_64-debian-clang 0.3.8.7 6.07 108.97 115.04 OK
r-devel-linux-x86_64-debian-gcc 0.3.8.7 5.52 93.03 98.55 OK
r-devel-linux-x86_64-fedora-clang 0.3.8.7 144.69 OK
r-devel-linux-x86_64-fedora-gcc 0.3.8.7 164.26 OK
r-devel-windows-ix86+x86_64 0.3.8.7 10.00 166.00 176.00 OK
r-patched-linux-x86_64 0.3.8.7 4.79 122.84 127.63 OK
r-patched-solaris-x86 0.3.8.7 196.70 OK
r-release-linux-x86_64 0.3.8.7 5.67 118.38 124.05 OK
r-release-windows-ix86+x86_64 0.3.8.7 14.00 164.00 178.00 OK
r-release-osx-x86_64 0.3.8.7 OK
r-oldrel-windows-ix86+x86_64 0.3.8.7 13.00 133.00 146.00 OK
r-oldrel-osx-x86_64 0.3.8.6 OK

Check Details

Version: 0.3.8.7
Check: examples
Result: FAIL
    
Flavor: r-release-osx-x86_64