CRAN Package Check Results for Package NNS

Last updated on 2018-11-15 06:47:30 CET.

Flavor Version Tinstall Tcheck Ttotal Status Flags
r-devel-linux-x86_64-debian-clang 0.3.8.7 5.91 121.96 127.87 OK
r-devel-linux-x86_64-debian-gcc 0.3.8.7 5.56 95.10 100.66 OK
r-devel-linux-x86_64-fedora-clang 0.3.8.7 145.90 OK
r-devel-linux-x86_64-fedora-gcc 0.3.8.7 144.68 OK
r-devel-windows-ix86+x86_64 0.3.8.7 9.00 137.00 146.00 OK
r-patched-linux-x86_64 0.3.8.7 6.21 115.65 121.86 OK
r-patched-solaris-x86 0.3.8.7 211.30 OK
r-release-linux-x86_64 0.3.8.7 4.51 116.91 121.42 OK
r-release-windows-ix86+x86_64 0.3.8.7 17.00 174.00 191.00 OK
r-release-osx-x86_64 0.3.8.7 WARN
r-oldrel-windows-ix86+x86_64 0.3.8.7 9.00 185.00 194.00 OK
r-oldrel-osx-x86_64 0.3.8.7 WARN

Check Details

Version: 0.3.8.7
Check: whether package can be installed
Result: WARN
    Found the following significant warnings:
     Warning: 'rgl_init' failed, running with rgl.useNULL = TRUE
Flavors: r-release-osx-x86_64, r-oldrel-osx-x86_64