CRAN Package Check Results for Package NNS

Last updated on 2018-08-20 23:48:06 CEST.

Flavor Version Tinstall Tcheck Ttotal Status Flags
r-devel-linux-x86_64-debian-clang 0.3.8.7 4.61 117.73 122.34 OK
r-devel-linux-x86_64-debian-gcc 0.3.8.7 5.49 95.24 100.73 OK
r-devel-linux-x86_64-fedora-clang 0.3.8.7 144.88 OK
r-devel-linux-x86_64-fedora-gcc 0.3.8.7 146.17 OK
r-devel-windows-ix86+x86_64 0.3.8.7 15.00 177.00 192.00 OK
r-patched-linux-x86_64 0.3.8.7 5.27 116.67 121.94 OK
r-patched-solaris-x86 0.3.8.7 208.00 OK
r-release-linux-x86_64 0.3.8.7 4.74 116.90 121.64 OK
r-release-windows-ix86+x86_64 0.3.8.7 14.00 172.00 186.00 OK
r-release-osx-x86_64 0.3.8.7 WARN
r-oldrel-windows-ix86+x86_64 0.3.8.7 7.00 154.00 161.00 OK
r-oldrel-osx-x86_64 0.3.8.7 WARN

Check Details

Version: 0.3.8.7
Check: whether package can be installed
Result: WARN
    Found the following significant warnings:
     Warning: 'rgl_init' failed, running with rgl.useNULL = TRUE
Flavors: r-release-osx-x86_64, r-oldrel-osx-x86_64