Last updated on 2019-02-15 20:46:58 CET.
Flavor | Version | Tinstall | Tcheck | Ttotal | Status | Flags |
---|---|---|---|---|---|---|
r-devel-linux-x86_64-debian-clang | 0.3.8.7 | 6.34 | 112.71 | 119.05 | OK | --no-vignettes |
r-devel-linux-x86_64-debian-gcc | 0.3.8.7 | 5.48 | 263.28 | 268.76 | OK | --no-vignettes |
r-devel-linux-x86_64-fedora-clang | 0.3.8.7 | 241.60 | OK | |||
r-devel-linux-x86_64-fedora-gcc | 0.3.8.7 | 328.72 | OK | |||
r-devel-windows-ix86+x86_64 | 0.3.8.7 | 15.00 | 202.00 | 217.00 | OK | |
r-patched-linux-x86_64 | 0.3.8.7 | 5.81 | 157.16 | 162.97 | OK | --no-vignettes |
r-patched-solaris-x86 | 0.3.8.7 | 203.30 | OK | |||
r-release-linux-x86_64 | 0.3.8.7 | 5.94 | 183.63 | 189.57 | OK | --no-vignettes |
r-release-windows-ix86+x86_64 | 0.3.8.7 | 10.00 | 148.00 | 158.00 | OK | |
r-release-osx-x86_64 | 0.3.8.7 | WARN | ||||
r-oldrel-windows-ix86+x86_64 | 0.3.8.7 | 14.00 | 211.00 | 225.00 | OK | |
r-oldrel-osx-x86_64 | 0.3.8.7 | WARN |
Version: 0.3.8.7
Check: whether package can be installed
Result: WARN
Found the following significant warnings:
Warning: 'rgl_init' failed, running with rgl.useNULL = TRUE
Flavors: r-release-osx-x86_64, r-oldrel-osx-x86_64