CRAN Package Check Results for Package NNS

Last updated on 2018-02-18 10:47:47 CET.

Flavor Version Tinstall Tcheck Ttotal Status Flags
r-devel-linux-x86_64-debian-clang 0.3.8.2 5.19 87.75 92.94 OK
r-devel-linux-x86_64-debian-gcc 0.3.8.3 5.33 67.36 72.69 OK
r-devel-linux-x86_64-fedora-clang 0.3.8.3 109.98 OK
r-devel-linux-x86_64-fedora-gcc 0.3.8.3 110.40 OK
r-devel-windows-ix86+x86_64 0.3.8.3 3.00 8.00 11.00 ERROR
r-patched-linux-x86_64 0.3.8.2 2.55 97.79 100.34 OK
r-patched-solaris-x86 0.3.8.3 132.80 OK
r-release-linux-x86_64 0.3.8.3 2.31 102.70 105.01 OK
r-release-windows-ix86+x86_64 0.3.8.3 7.00 94.00 101.00 OK
r-release-osx-x86_64 0.3.8.3 OK
r-oldrel-windows-ix86+x86_64 0.3.8.3 8.00 99.00 107.00 OK
r-oldrel-osx-x86_64 0.3.8.2 OK

Check Details

Version: 0.3.8.3
Check: whether package can be installed
Result: ERROR
    Installation failed.
Flavor: r-devel-windows-ix86+x86_64