CRAN Package Check Results for Package NPIstats

Last updated on 2022-08-19 07:49:57 CEST.

Flavor Version Tinstall Tcheck Ttotal Status Flags
r-devel-linux-x86_64-debian-clang 0.1.0 2.35 26.84 29.19 OK
r-devel-linux-x86_64-debian-gcc 0.1.0 2.03 21.43 23.46 OK
r-devel-linux-x86_64-fedora-clang 0.1.0 47.27 NOTE
r-devel-linux-x86_64-fedora-gcc 0.1.0 46.29 NOTE
r-devel-windows-x86_64 0.1.0 19.00 59.00 78.00 OK
r-patched-linux-x86_64 0.1.0 2.05 26.07 28.12 OK
r-release-linux-x86_64 0.1.0 OK
r-release-macos-arm64 0.1.0 18.00 NOTE
r-release-macos-x86_64 0.1.0 31.00 NOTE
r-release-windows-x86_64 0.1.0 12.00 58.00 70.00 OK
r-oldrel-macos-arm64 0.1.0 24.00 NOTE
r-oldrel-macos-x86_64 0.1.0 28.00 NOTE
r-oldrel-windows-ix86+x86_64 0.1.0 5.00 51.00 56.00 OK

Check Details

Version: 0.1.0
Check: dependencies in R code
Result: NOTE
    Namespace in Imports field not imported from: ‘dplyr’
     All declared Imports should be used.
Flavors: r-devel-linux-x86_64-fedora-clang, r-devel-linux-x86_64-fedora-gcc, r-release-macos-arm64, r-release-macos-x86_64, r-oldrel-macos-arm64, r-oldrel-macos-x86_64