CRAN Package Check Results for Package NPIstats

Last updated on 2024-03-02 13:50:27 CET.

Flavor Version Tinstall Tcheck Ttotal Status Flags
r-devel-linux-x86_64-debian-clang 0.1.0 1.64 27.65 29.29 OK
r-devel-linux-x86_64-debian-gcc 0.1.0 1.75 21.41 23.16 OK
r-devel-linux-x86_64-fedora-clang 0.1.0 36.33 NOTE
r-devel-linux-x86_64-fedora-gcc 0.1.0 48.03 NOTE
r-devel-windows-x86_64 0.1.0 3.00 45.00 48.00 OK
r-patched-linux-x86_64 0.1.0 2.64 26.79 29.43 OK
r-release-linux-x86_64 0.1.0 1.62 26.88 28.50 OK
r-release-macos-arm64 0.1.0 23.00 OK
r-release-macos-x86_64 0.1.0 33.00 OK
r-release-windows-x86_64 0.1.0 4.00 47.00 51.00 OK
r-oldrel-macos-arm64 0.1.0 18.00 NOTE
r-oldrel-windows-x86_64 0.1.0 5.00 49.00 54.00 OK

Check Details

Version: 0.1.0
Check: dependencies in R code
Result: NOTE Namespace in Imports field not imported from: ‘dplyr’ All declared Imports should be used. Flavors: r-devel-linux-x86_64-fedora-clang, r-devel-linux-x86_64-fedora-gcc, r-oldrel-macos-arm64