CRAN Package Check Results for Package NPMLENCC

Last updated on 2019-09-18 05:47:04 CEST.

Flavor Version Tinstall Tcheck Ttotal Status Flags
r-devel-linux-x86_64-debian-clang 1.0 8.41 60.82 69.23 OK
r-devel-linux-x86_64-debian-gcc 1.0 5.87 48.47 54.34 OK
r-devel-linux-x86_64-fedora-clang 1.0 81.69 OK
r-devel-linux-x86_64-fedora-gcc 1.0 80.68 OK
r-devel-windows-ix86+x86_64 1.0 19.00 69.00 88.00 OK
r-patched-linux-x86_64 1.0 6.97 60.87 67.84 NOTE
r-patched-solaris-x86 1.0 126.80 OK
r-release-linux-x86_64 1.0 7.71 59.29 67.00 NOTE
r-release-windows-ix86+x86_64 1.0 15.00 98.00 113.00 OK
r-release-osx-x86_64 1.0 OK
r-oldrel-windows-ix86+x86_64 1.0 13.00 74.00 87.00 OK
r-oldrel-osx-x86_64 1.0 OK

Check Details

Version: 1.0
Check: DESCRIPTION meta-information
Result: NOTE
    Dependence on R version ‘3.4.3’ not with patchlevel 0
Flavors: r-patched-linux-x86_64, r-release-linux-x86_64