CRAN Package Check Results for Package NPMLENCC

Last updated on 2020-02-20 21:47:35 CET.

Flavor Version Tinstall Tcheck Ttotal Status Flags
r-devel-linux-x86_64-debian-clang 1.0 9.88 70.14 80.02 OK
r-devel-linux-x86_64-debian-gcc 1.0 7.36 54.66 62.02 OK
r-devel-linux-x86_64-fedora-clang 1.0 94.52 OK
r-devel-linux-x86_64-fedora-gcc 1.0 95.78 OK
r-devel-windows-ix86+x86_64 1.0 13.00 75.00 88.00 OK
r-devel-windows-ix86+x86_64-gcc8 1.0 21.00 99.00 120.00 OK
r-patched-linux-x86_64 1.0 7.38 61.31 68.69 NOTE
r-patched-solaris-x86 1.0 124.40 OK
r-release-linux-x86_64 1.0 7.71 61.15 68.86 NOTE
r-release-windows-ix86+x86_64 1.0 13.00 77.00 90.00 OK
r-release-osx-x86_64 1.0 OK
r-oldrel-windows-ix86+x86_64 1.0 9.00 74.00 83.00 OK
r-oldrel-osx-x86_64 1.0 OK

Check Details

Version: 1.0
Check: DESCRIPTION meta-information
Result: NOTE
    Dependence on R version ‘3.4.3’ not with patchlevel 0
Flavors: r-patched-linux-x86_64, r-release-linux-x86_64