CRAN Package Check Results for Package NSUM

Last updated on 2019-09-19 13:46:16 CEST.

Flavor Version Tinstall Tcheck Ttotal Status Flags
r-devel-linux-x86_64-debian-clang 1.0 6.57 64.67 71.24 NOTE
r-devel-linux-x86_64-debian-gcc 1.0 6.76 52.47 59.23 NOTE
r-devel-linux-x86_64-fedora-clang 1.0 89.03 NOTE
r-devel-linux-x86_64-fedora-gcc 1.0 86.45 NOTE
r-devel-windows-ix86+x86_64 1.0 21.00 76.00 97.00 NOTE
r-patched-linux-x86_64 1.0 7.52 64.86 72.38 NOTE
r-patched-solaris-x86 1.0 141.10 NOTE
r-release-linux-x86_64 1.0 7.77 64.45 72.22 NOTE
r-release-windows-ix86+x86_64 1.0 16.00 103.00 119.00 NOTE
r-release-osx-x86_64 1.0 NOTE
r-oldrel-windows-ix86+x86_64 1.0 9.00 71.00 80.00 NOTE
r-oldrel-osx-x86_64 1.0 NOTE

Check Details

Version: 1.0
Check: R code for possible problems
Result: NOTE
    .mcmc.bar: no visible global function definition for 'rnorm'
    .mcmc.bar: no visible global function definition for 'runif'
    .mcmc.comb: no visible global function definition for 'rnorm'
    .mcmc.comb: no visible global function definition for 'runif'
    .mcmc.rd: no visible global function definition for 'rnorm'
    .mcmc.rd: no visible global function definition for 'runif'
    .mcmc.trans: no visible global function definition for 'rnorm'
    .mcmc.trans: no visible global function definition for 'runif'
    .simulate.bar: no visible global function definition for 'rlnorm'
    .simulate.bar: no visible global function definition for 'rbeta'
    .simulate.bar: no visible global function definition for 'rbinom'
    .simulate.comb: no visible global function definition for 'rlnorm'
    .simulate.comb: no visible global function definition for 'rbeta'
    .simulate.comb: no visible global function definition for 'rbinom'
    .simulate.rd: no visible global function definition for 'rlnorm'
    .simulate.rd: no visible global function definition for 'rbinom'
    .simulate.trans: no visible global function definition for 'rlnorm'
    .simulate.trans: no visible global function definition for 'rbinom'
    Undefined global functions or variables:
     rbeta rbinom rlnorm rnorm runif
    Consider adding
     importFrom("stats", "rbeta", "rbinom", "rlnorm", "rnorm", "runif")
    to your NAMESPACE file.
Flavors: r-devel-linux-x86_64-debian-clang, r-devel-linux-x86_64-debian-gcc, r-devel-linux-x86_64-fedora-clang, r-devel-linux-x86_64-fedora-gcc, r-devel-windows-ix86+x86_64, r-patched-linux-x86_64, r-patched-solaris-x86, r-release-linux-x86_64, r-release-windows-ix86+x86_64, r-release-osx-x86_64, r-oldrel-windows-ix86+x86_64, r-oldrel-osx-x86_64