CRAN Package Check Results for Package NSUM

Last updated on 2020-02-27 17:51:02 CET.

Flavor Version Tinstall Tcheck Ttotal Status Flags
r-devel-linux-x86_64-debian-clang 1.0 8.36 76.59 84.95 NOTE
r-devel-linux-x86_64-debian-gcc 1.0 8.17 59.84 68.01 NOTE
r-devel-linux-x86_64-fedora-clang 1.0 103.58 NOTE
r-devel-linux-x86_64-fedora-gcc 1.0 100.19 NOTE
r-devel-windows-ix86+x86_64 1.0 16.00 80.00 96.00 NOTE
r-devel-windows-ix86+x86_64-gcc8 1.0 17.00 84.00 101.00 NOTE
r-patched-linux-x86_64 1.0 6.38 64.87 71.25 NOTE
r-patched-solaris-x86 1.0 137.50 NOTE
r-release-linux-x86_64 1.0 6.20 65.41 71.61 NOTE
r-release-windows-ix86+x86_64 1.0 14.00 75.00 89.00 NOTE
r-release-osx-x86_64 1.0 NOTE
r-oldrel-windows-ix86+x86_64 1.0 9.00 75.00 84.00 NOTE
r-oldrel-osx-x86_64 1.0 NOTE

Check Details

Version: 1.0
Check: R code for possible problems
Result: NOTE
    .mcmc.bar: no visible global function definition for 'rnorm'
    .mcmc.bar: no visible global function definition for 'runif'
    .mcmc.comb: no visible global function definition for 'rnorm'
    .mcmc.comb: no visible global function definition for 'runif'
    .mcmc.rd: no visible global function definition for 'rnorm'
    .mcmc.rd: no visible global function definition for 'runif'
    .mcmc.trans: no visible global function definition for 'rnorm'
    .mcmc.trans: no visible global function definition for 'runif'
    .simulate.bar: no visible global function definition for 'rlnorm'
    .simulate.bar: no visible global function definition for 'rbeta'
    .simulate.bar: no visible global function definition for 'rbinom'
    .simulate.comb: no visible global function definition for 'rlnorm'
    .simulate.comb: no visible global function definition for 'rbeta'
    .simulate.comb: no visible global function definition for 'rbinom'
    .simulate.rd: no visible global function definition for 'rlnorm'
    .simulate.rd: no visible global function definition for 'rbinom'
    .simulate.trans: no visible global function definition for 'rlnorm'
    .simulate.trans: no visible global function definition for 'rbinom'
    Undefined global functions or variables:
     rbeta rbinom rlnorm rnorm runif
    Consider adding
     importFrom("stats", "rbeta", "rbinom", "rlnorm", "rnorm", "runif")
    to your NAMESPACE file.
Flavors: r-devel-linux-x86_64-debian-clang, r-devel-linux-x86_64-debian-gcc, r-devel-linux-x86_64-fedora-clang, r-devel-linux-x86_64-fedora-gcc, r-devel-windows-ix86+x86_64, r-devel-windows-ix86+x86_64-gcc8, r-patched-linux-x86_64, r-patched-solaris-x86, r-release-linux-x86_64, r-release-windows-ix86+x86_64, r-release-osx-x86_64, r-oldrel-windows-ix86+x86_64, r-oldrel-osx-x86_64