CRAN Package Check Results for Package NatureSounds

Last updated on 2020-07-05 14:48:25 CEST.

Flavor Version Tinstall Tcheck Ttotal Status Flags
r-devel-linux-x86_64-debian-clang 1.0.3 5.37 25.43 30.80 OK
r-devel-linux-x86_64-debian-gcc 1.0.3 5.20 20.76 25.96 OK
r-devel-linux-x86_64-fedora-clang 1.0.3 46.26 NOTE
r-devel-linux-x86_64-fedora-gcc 1.0.3 40.06 NOTE
r-devel-windows-ix86+x86_64 1.0.3 13.00 50.00 63.00 NOTE
r-patched-linux-x86_64 1.0.3 5.31 25.49 30.80 OK
r-patched-solaris-x86 1.0.3 59.10 NOTE
r-release-linux-x86_64 1.0.3 5.41 25.43 30.84 OK
r-release-osx-x86_64 1.0.3 NOTE
r-release-windows-ix86+x86_64 1.0.3 10.00 38.00 48.00 NOTE
r-oldrel-osx-x86_64 1.0.3 NOTE
r-oldrel-windows-ix86+x86_64 1.0.3 9.00 58.00 67.00 NOTE

Check Details

Version: 1.0.3
Check: installed package size
Result: NOTE
     installed size is 5.9Mb
     sub-directories of 1Mb or more:
     data 4.0Mb
     doc 1.9Mb
Flavors: r-devel-linux-x86_64-fedora-clang, r-devel-windows-ix86+x86_64, r-patched-solaris-x86, r-release-osx-x86_64, r-release-windows-ix86+x86_64, r-oldrel-osx-x86_64, r-oldrel-windows-ix86+x86_64

Version: 1.0.3
Check: dependencies in R code
Result: NOTE
    Namespace in Imports field not imported from: ‘tuneR’
     All declared Imports should be used.
Flavors: r-devel-linux-x86_64-fedora-clang, r-devel-linux-x86_64-fedora-gcc, r-patched-solaris-x86, r-release-osx-x86_64, r-oldrel-osx-x86_64