CRAN Package Check Results for Package NetSim

Last updated on 2018-08-17 14:47:59 CEST.

Flavor Version Tinstall Tcheck Ttotal Status Flags
r-release-osx-x86_64 0.9 NOTE
r-oldrel-osx-x86_64 0.9 NOTE

Check Details

Version: 0.9
Check: dependencies in R code
Result: NOTE
    'library' or 'require' call to ‘igraph’ in package code.
     Please use :: or requireNamespace() instead.
     See section 'Suggested packages' in the 'Writing R Extensions' manual.
    Package in Depends field not imported from: ‘Rcpp’
     These packages need to be imported from (in the NAMESPACE file)
     for when this namespace is loaded but not attached.
Flavors: r-release-osx-x86_64, r-oldrel-osx-x86_64

Version: 0.9
Check: line endings in Makefiles
Result: NOTE
    Found the following Makefile(s) without a final LF:
     src/Makevars
    Some ‘make’ programs ignore lines not ending in LF.
Flavors: r-release-osx-x86_64, r-oldrel-osx-x86_64

Version: 0.9
Check: for GNU extensions in Makefiles
Result: NOTE
    GNU make is a SystemRequirements.
Flavors: r-release-osx-x86_64, r-oldrel-osx-x86_64

Version: 0.9
Check: compiled code
Result: NOTE
    File ‘NetSim/libs/NetSim.so’:
     Found ‘_rand’, possibly from ‘rand’ (C)
     Object: ‘utils/Random.o’
     Found ‘_srand’, possibly from ‘srand’ (C)
     Object: ‘utils/Random.o’
    
    Compiled code should not call entry points which might terminate R nor
    write to stdout/stderr instead of to the console, nor use Fortran I/O
    nor system RNGs.
    
    See ‘Writing portable packages’ in the ‘Writing R Extensions’ manual.
Flavor: r-release-osx-x86_64

Version: 0.9
Check: compiled code
Result: NOTE
    File ‘NetSim/libs/NetSim.so’:
     Found ‘_rand’, possibly from ‘rand’ (C)
     Object: ‘utils/Random.o’
     Found ‘_srand’, possibly from ‘srand’ (C)
     Object: ‘utils/Random.o’
    
    Compiled code should not call entry points which might terminate R nor
    write to stdout/stderr instead of to the console, nor the system RNG.
    
    See ‘Writing portable packages’ in the ‘Writing R Extensions’ manual.
Flavor: r-oldrel-osx-x86_64