Last updated on 2022-06-27 14:53:49 CEST.
Flavor | Version | Tinstall | Tcheck | Ttotal | Status | Flags |
---|---|---|---|---|---|---|
r-devel-linux-x86_64-debian-clang | 0.8 | 27.27 | 189.22 | 216.49 | NOTE | --no-vignettes |
r-devel-linux-x86_64-debian-gcc | 0.8 | 22.38 | 140.74 | 163.12 | NOTE | --no-vignettes |
r-devel-linux-x86_64-fedora-clang | 0.8 | 265.35 | WARN | |||
r-devel-linux-x86_64-fedora-gcc | 0.8 | 257.64 | WARN | |||
r-devel-windows-x86_64 | 0.8 | 62.00 | 202.00 | 264.00 | NOTE | |
r-patched-linux-x86_64 | 0.8 | 25.19 | 178.49 | 203.68 | OK | --no-vignettes |
r-release-linux-x86_64 | 0.8 | 17.43 | 177.67 | 195.10 | OK | --no-vignettes |
r-release-macos-arm64 | 0.8 | 75.00 | OK | |||
r-release-macos-x86_64 | 0.8 | 140.00 | OK | |||
r-release-windows-x86_64 | 0.8 | 87.00 | 196.00 | 283.00 | OK | |
r-oldrel-macos-arm64 | 0.8 | 60.00 | OK | |||
r-oldrel-macos-x86_64 | 0.8 | 88.00 | OK | |||
r-oldrel-windows-ix86+x86_64 | 0.8 | 54.00 | 201.00 | 255.00 | OK |
Version: 0.8
Flags: --no-vignettes
Check: Rd files
Result: NOTE
checkRd: (-1) NetworkChange.Rd:163: Escaped LaTeX specials: \&
checkRd: (-1) NetworkChangeRobust.Rd:144: Escaped LaTeX specials: \&
checkRd: (-1) NetworkStatic.Rd:142: Escaped LaTeX specials: \&
Flavors: r-devel-linux-x86_64-debian-clang, r-devel-linux-x86_64-debian-gcc
Version: 0.8
Check: package dependencies
Result: WARN
Requires (indirectly) orphaned package: ‘gtools’
Flavors: r-devel-linux-x86_64-fedora-clang, r-devel-linux-x86_64-fedora-gcc
Version: 0.8
Check: Rd files
Result: NOTE
checkRd: (-1) NetworkChange.Rd:163: Escaped LaTeX specials: \&
checkRd: (-1) NetworkChangeRobust.Rd:144: Escaped LaTeX specials: \&
checkRd: (-1) NetworkStatic.Rd:142: Escaped LaTeX specials: \&
Flavors: r-devel-linux-x86_64-fedora-clang, r-devel-linux-x86_64-fedora-gcc, r-devel-windows-x86_64