CRAN Package Check Results for Package NetworkDistance

Last updated on 2018-08-20 15:51:47 CEST.

Flavor Version Tinstall Tcheck Ttotal Status Flags
r-devel-linux-x86_64-debian-clang 0.1.0 25.33 67.26 92.59 OK
r-devel-linux-x86_64-debian-gcc 0.1.0 21.78 54.16 75.94 OK
r-devel-linux-x86_64-fedora-clang 0.1.0 113.51 NOTE
r-devel-linux-x86_64-fedora-gcc 0.1.0 113.30 NOTE
r-devel-windows-ix86+x86_64 0.1.0 69.00 140.00 209.00 OK
r-patched-linux-x86_64 0.1.0 22.08 56.60 78.68 OK
r-patched-solaris-x86 0.1.0 144.80 OK
r-release-linux-x86_64 0.1.0 29.13 56.37 85.50 OK
r-release-windows-ix86+x86_64 0.1.0 72.00 123.00 195.00 OK
r-release-osx-x86_64 0.1.0 OK
r-oldrel-windows-ix86+x86_64 0.1.0 51.00 87.00 138.00 OK
r-oldrel-osx-x86_64 0.1.0 OK

Check Details

Version: 0.1.0
Check: use of SHLIB_OPENMP_*FLAGS in Makefiles
Result: NOTE
     src/Makevars: SHLIB_OPENMP_CXXFLAGS is included in PKG_CXXFLAGS but not in PKG_LIBS
     src/Makevars: SHLIB_OPENMP_CFLAGS is included in PKG_LIBS but not in PKG_CFLAGS
     src/Makevars.win: SHLIB_OPENMP_CXXFLAGS is included in PKG_CXXFLAGS but not in PKG_LIBS
     src/Makevars.win: SHLIB_OPENMP_CFLAGS is included in PKG_LIBS but not in PKG_CFLAGS
    Use of these macros is discussed in sect 1.2.1.1 of ‘Writing R
    Extensions’. The macros for different languages may differ so the
    matching macro must be used in PKG_CXXFLAGS (etc) and match that used
    in PKG_LIBS (except for F77: see the manual).
Flavors: r-devel-linux-x86_64-fedora-clang, r-devel-linux-x86_64-fedora-gcc