CRAN Package Check Results for Package NetworkToolbox

Last updated on 2018-05-24 19:49:42 CEST.

Flavor Version Tinstall Tcheck Ttotal Status Flags
r-devel-linux-x86_64-debian-clang 1.1.2 7.78 82.90 90.68 OK
r-devel-linux-x86_64-debian-gcc 1.1.2 5.38 68.60 73.98 OK
r-devel-linux-x86_64-fedora-clang 1.1.2 117.39 OK
r-devel-linux-x86_64-fedora-gcc 1.1.2 112.01 OK
r-devel-windows-ix86+x86_64 1.1.2 13.00 95.00 108.00 OK
r-patched-linux-x86_64 1.1.2 6.79 86.54 93.33 OK
r-patched-solaris-x86 1.1.2 150.40 OK
r-release-linux-x86_64 1.1.2 8.42 86.42 94.84 OK
r-release-windows-ix86+x86_64 1.1.2 16.00 128.00 144.00 OK
r-release-osx-x86_64 1.1.2 OK
r-oldrel-windows-ix86+x86_64 1.1.2 10.00 101.00 111.00 OK
r-oldrel-osx-x86_64 1.1.1 NOTE

Check Details

Version: 1.1.1
Check: dependencies in R code
Result: NOTE
    Namespaces in Imports field not imported from:
     ‘RColorBrewer’ ‘corpcor’
     All declared Imports should be used.
Flavor: r-oldrel-osx-x86_64