CRAN Package Check Results for Package NetworkToolbox

Last updated on 2018-02-20 19:48:27 CET.

Flavor Version Tinstall Tcheck Ttotal Status Flags
r-devel-linux-x86_64-debian-clang 1.0.0 5.79 48.32 54.11 OK
r-devel-linux-x86_64-debian-gcc 1.0.0 5.00 37.67 42.67 OK
r-devel-linux-x86_64-fedora-clang 1.0.0 69.92 NOTE
r-devel-linux-x86_64-fedora-gcc 1.0.0 64.28 NOTE
r-devel-windows-ix86+x86_64 1.0.0 9.00 56.00 65.00 OK
r-patched-linux-x86_64 1.0.0 1.46 53.94 55.40 OK
r-patched-solaris-x86 1.0.0 82.10 NOTE
r-release-linux-x86_64 1.0.0 1.86 53.70 55.56 OK
r-release-windows-ix86+x86_64 1.0.0 10.00 80.00 90.00 OK
r-release-osx-x86_64 1.0.0 NOTE
r-oldrel-windows-ix86+x86_64 1.0.0 8.00 74.00 82.00 OK
r-oldrel-osx-x86_64 0.0.1.1 NOTE

Check Details

Version: 1.0.0
Check: dependencies in R code
Result: NOTE
    Namespaces in Imports field not imported from:
     ‘RColorBrewer’ ‘devtools’
     All declared Imports should be used.
Flavors: r-devel-linux-x86_64-fedora-clang, r-devel-linux-x86_64-fedora-gcc, r-patched-solaris-x86, r-release-osx-x86_64

Version: 0.0.1.1
Check: dependencies in R code
Result: NOTE
    Namespaces in Imports field not imported from:
     ‘RColorBrewer’ ‘devtools’
     All declared Imports should be used.
Flavor: r-oldrel-osx-x86_64