CRAN Package Check Results for Package Nippon

Last updated on 2019-02-21 01:50:52 CET.

Flavor Version Tinstall Tcheck Ttotal Status Flags
r-devel-linux-x86_64-debian-clang 0.7.1 8.92 23.89 32.81 OK
r-devel-linux-x86_64-debian-gcc 0.7.1 5.74 19.22 24.96 OK
r-devel-linux-x86_64-fedora-clang 0.7.1 39.56 NOTE
r-devel-linux-x86_64-fedora-gcc 0.7.1 36.12 NOTE
r-devel-windows-ix86+x86_64 0.7.1 18.00 75.00 93.00 OK
r-patched-linux-x86_64 0.7.1 OK
r-patched-solaris-x86 0.7.1 52.50 NOTE
r-release-linux-x86_64 0.7.1 OK
r-release-windows-ix86+x86_64 0.7.1 12.00 69.00 81.00 OK
r-release-osx-x86_64 0.7.1 NOTE
r-oldrel-windows-ix86+x86_64 0.7.1 14.00 53.00 67.00 OK
r-oldrel-osx-x86_64 0.7.1 NOTE

Check Details

Version: 0.7.1
Check: data for non-ASCII characters
Result: NOTE
     Note: found 395 marked UTF-8 strings
Flavors: r-devel-linux-x86_64-fedora-clang, r-devel-linux-x86_64-fedora-gcc, r-patched-solaris-x86, r-release-osx-x86_64, r-oldrel-osx-x86_64