CRAN Package Check Results for Package Nippon

Last updated on 2018-11-19 05:48:27 CET.

Flavor Version Tinstall Tcheck Ttotal Status Flags
r-devel-linux-x86_64-debian-clang OK
r-devel-linux-x86_64-debian-gcc 0.7.1 5.81 18.64 24.45 OK
r-devel-linux-x86_64-fedora-clang 0.7.1 36.39 NOTE
r-devel-linux-x86_64-fedora-gcc 0.7.1 33.72 NOTE
r-devel-windows-ix86+x86_64 0.7.1 18.00 59.00 77.00 OK
r-patched-linux-x86_64 0.7.1 7.03 21.33 28.36 OK
r-patched-solaris-x86 0.7.1 50.60 NOTE
r-release-linux-x86_64 0.7.1 6.89 21.50 28.39 OK
r-release-windows-ix86+x86_64 0.7.1 19.00 46.00 65.00 OK
r-release-osx-x86_64 0.7.1 NOTE
r-oldrel-windows-ix86+x86_64 0.7.1 19.00 65.00 84.00 OK
r-oldrel-osx-x86_64 0.7.1 NOTE

Check Details

Version: 0.7.1
Check: data for non-ASCII characters
Result: NOTE
     Note: found 395 marked UTF-8 strings
Flavors: r-devel-linux-x86_64-fedora-clang, r-devel-linux-x86_64-fedora-gcc, r-patched-solaris-x86, r-release-osx-x86_64, r-oldrel-osx-x86_64