CRAN Package Check Results for Package Nippon

Last updated on 2018-08-20 11:48:50 CEST.

Flavor Version Tinstall Tcheck Ttotal Status Flags
r-devel-linux-x86_64-debian-clang 0.7.1 8.90 23.08 31.98 OK
r-devel-linux-x86_64-debian-gcc 0.7.1 5.69 18.77 24.46 OK
r-devel-linux-x86_64-fedora-clang 0.7.1 36.29 NOTE
r-devel-linux-x86_64-fedora-gcc 0.7.1 34.10 NOTE
r-devel-windows-ix86+x86_64 0.7.1 24.00 71.00 95.00 OK
r-patched-linux-x86_64 0.7.1 7.26 21.43 28.69 OK
r-patched-solaris-x86 0.7.1 50.80 NOTE
r-release-linux-x86_64 0.7.1 7.07 21.83 28.90 OK
r-release-windows-ix86+x86_64 0.7.1 26.00 43.00 69.00 OK
r-release-osx-x86_64 0.7.1 NOTE
r-oldrel-windows-ix86+x86_64 0.7.1 13.00 54.00 67.00 OK
r-oldrel-osx-x86_64 0.7.1 NOTE

Check Details

Version: 0.7.1
Check: data for non-ASCII characters
Result: NOTE
     Note: found 395 marked UTF-8 strings
Flavors: r-devel-linux-x86_64-fedora-clang, r-devel-linux-x86_64-fedora-gcc, r-patched-solaris-x86, r-release-osx-x86_64, r-oldrel-osx-x86_64