CRAN Package Check Results for Package Nippon

Last updated on 2018-05-26 00:46:45 CEST.

Flavor Version Tinstall Tcheck Ttotal Status Flags
r-devel-linux-x86_64-debian-clang 0.7.1 9.07 22.46 31.53 OK
r-devel-linux-x86_64-debian-gcc 0.7.1 5.56 17.73 23.29 OK
r-devel-linux-x86_64-fedora-clang 0.7.1 35.69 NOTE
r-devel-linux-x86_64-fedora-gcc 0.7.1 32.88 NOTE
r-devel-windows-ix86+x86_64 0.7.1 14.00 60.00 74.00 OK
r-patched-linux-x86_64 0.7.1 6.11 21.16 27.27 OK
r-patched-solaris-x86 0.7.1 59.30 NOTE
r-release-linux-x86_64 0.7.1 7.09 21.15 28.24 OK
r-release-windows-ix86+x86_64 0.7.1 20.00 50.00 70.00 OK
r-release-osx-x86_64 0.7.1 NOTE
r-oldrel-windows-ix86+x86_64 0.7.1 17.00 40.00 57.00 OK
r-oldrel-osx-x86_64 0.6.5 NOTE

Check Details

Version: 0.7.1
Check: data for non-ASCII characters
Result: NOTE
     Note: found 395 marked UTF-8 strings
Flavors: r-devel-linux-x86_64-fedora-clang, r-devel-linux-x86_64-fedora-gcc, r-patched-solaris-x86, r-release-osx-x86_64

Version: 0.6.5
Check: data for non-ASCII characters
Result: NOTE
     Note: found 395 marked UTF-8 strings
Flavor: r-oldrel-osx-x86_64