CRAN Package Check Results for Package NlcOptim

Last updated on 2025-01-24 03:49:57 CET.

Flavor Version Tinstall Tcheck Ttotal Status Flags
r-devel-linux-x86_64-debian-clang 0.6 3.15 23.98 27.13 OK
r-devel-linux-x86_64-debian-gcc 0.6 2.33 18.74 21.07 OK
r-devel-linux-x86_64-fedora-clang 0.6 44.02 OK
r-devel-linux-x86_64-fedora-gcc 0.6 40.88 OK
r-devel-windows-x86_64 0.6 5.00 45.00 50.00 OK
r-patched-linux-x86_64 0.6 3.20 22.63 25.83 NOTE
r-release-linux-x86_64 0.6 3.18 22.71 25.89 NOTE
r-release-macos-arm64 0.6 16.00 NOTE
r-release-macos-x86_64 0.6 26.00 NOTE
r-release-windows-x86_64 0.6 5.00 44.00 49.00 NOTE
r-oldrel-macos-arm64 0.6 17.00 NOTE
r-oldrel-macos-x86_64 0.6 23.00 NOTE
r-oldrel-windows-x86_64 0.6 5.00 47.00 52.00 NOTE

Check Details

Version: 0.6
Check: LazyData
Result: NOTE 'LazyData' is specified without a 'data' directory Flavors: r-patched-linux-x86_64, r-release-linux-x86_64, r-release-macos-arm64, r-release-macos-x86_64, r-release-windows-x86_64, r-oldrel-macos-arm64, r-oldrel-macos-x86_64, r-oldrel-windows-x86_64