CRAN Package Check Results for Package NlcOptim

Last updated on 2024-05-21 17:50:04 CEST.

Flavor Version Tinstall Tcheck Ttotal Status Flags
r-devel-linux-x86_64-debian-clang 0.6 3.92 31.55 35.47 NOTE
r-devel-linux-x86_64-debian-gcc 0.6 2.59 23.70 26.29 NOTE
r-devel-linux-x86_64-fedora-clang 0.6 42.62 NOTE
r-devel-linux-x86_64-fedora-gcc 0.6 40.78 NOTE
r-devel-windows-x86_64 0.6 4.00 43.00 47.00 NOTE
r-patched-linux-x86_64 0.6 2.81 30.22 33.03 NOTE
r-release-linux-x86_64 0.6 3.72 29.92 33.64 NOTE
r-release-macos-arm64 0.6 16.00 NOTE
r-release-windows-x86_64 0.6 5.00 44.00 49.00 NOTE
r-oldrel-macos-arm64 0.6 17.00 NOTE
r-oldrel-macos-x86_64 0.6 23.00 NOTE
r-oldrel-windows-x86_64 0.6 4.00 44.00 48.00 NOTE

Check Details

Version: 0.6
Check: LazyData
Result: NOTE 'LazyData' is specified without a 'data' directory Flavors: r-devel-linux-x86_64-debian-clang, r-devel-linux-x86_64-debian-gcc, r-devel-linux-x86_64-fedora-clang, r-devel-linux-x86_64-fedora-gcc, r-devel-windows-x86_64, r-patched-linux-x86_64, r-release-linux-x86_64, r-release-macos-arm64, r-release-windows-x86_64, r-oldrel-macos-arm64, r-oldrel-macos-x86_64, r-oldrel-windows-x86_64