CRAN Package Check Results for Package NoiseFiltersR

Last updated on 2018-02-25 23:50:32 CET.

Flavor Version Tinstall Tcheck Ttotal Status Flags
r-devel-linux-x86_64-debian-clang 0.1.0 3.89 63.62 67.51 OK
r-devel-linux-x86_64-debian-gcc 0.1.0 4.09 54.71 58.80 OK
r-devel-linux-x86_64-fedora-clang 0.1.0 90.48 NOTE
r-devel-linux-x86_64-fedora-gcc 0.1.0 89.78 NOTE
r-devel-windows-ix86+x86_64 0.1.0 10.00 100.00 110.00 OK
r-patched-linux-x86_64 0.1.0 1.35 72.93 74.28 OK
r-patched-solaris-x86 0.1.0 3.80 ERROR
r-release-linux-x86_64 0.1.0 1.21 74.08 75.29 OK
r-release-windows-ix86+x86_64 0.1.0 6.00 104.00 110.00 OK
r-release-osx-x86_64 0.1.0 WARN
r-oldrel-windows-ix86+x86_64 0.1.0 4.00 69.00 73.00 OK
r-oldrel-osx-x86_64 0.1.0 ERROR

Check Details

Version: 0.1.0
Check: dependencies in R code
Result: NOTE
    Namespace in Imports field not imported from: ‘rJava’
     All declared Imports should be used.
Flavors: r-devel-linux-x86_64-fedora-clang, r-devel-linux-x86_64-fedora-gcc, r-release-osx-x86_64, r-oldrel-osx-x86_64

Version: 0.1.0
Check: package dependencies
Result: ERROR
    Package required but not available: ‘RWeka’
    
    See section ‘The DESCRIPTION file’ in the ‘Writing R Extensions’
    manual.
Flavor: r-patched-solaris-x86

Version: 0.1.0
Check: re-building of vignette outputs
Result: WARN
    Error in re-building vignettes:
     ...
    Warning: running command 'kpsewhich framed.sty' had status 1
    Warning in test_latex_pkg("framed", system.file("misc", "framed.sty", package = "knitr")) :
     unable to find LaTeX package 'framed'; will use a copy from knitr
    Apr 03, 2017 6:54:41 AM com.github.fommil.netlib.ARPACK <clinit>
    WARNING: Failed to load implementation from: com.github.fommil.netlib.NativeSystemARPACK
    Apr 03, 2017 6:54:41 AM com.github.fommil.netlib.ARPACK <clinit>
    WARNING: Failed to load implementation from: com.github.fommil.netlib.NativeRefARPACK
    Error in texi2dvi(file = file, pdf = TRUE, clean = clean, quiet = quiet, :
     Running 'texi2dvi' on 'NoiseFiltersR.tex' failed.
    LaTeX errors:
    ! LaTeX Error: File `stmaryrd.sty' not found.
    
    Type X to quit or <RETURN> to proceed,
    or enter new name. (Default extension: sty)
    
    ! Emergency stop.
    <read *>
    
    l.73 \usepackage
     {url}^^M
    ! ==> Fatal error occurred, no output PDF file produced!
    Calls: buildVignettes -> texi2pdf -> texi2dvi
    Execution halted
Flavor: r-release-osx-x86_64

Version: 0.1.0
Check: examples
Result: ERROR
    Running examples in ‘NoiseFiltersR-Ex.R’ failed
    The error most likely occurred in:
    
    > ### Name: EF
    > ### Title: Ensemble Filter
    > ### Aliases: EF EF.default EF.formula
    >
    > ### ** Examples
    >
    > data(iris)
    > # We fix a seed since there exists a random partition for the ensemble
    > set.seed(1)
    > out <- EF(Species~., data = iris, consensus = FALSE)
    Error in .jnew("weka/core/Attribute", attname[i], .jcast(levels, "java/util/List")) :
     java.lang.UnsupportedClassVersionError: weka/core/Attribute : Unsupported major.minor version 51.0
    Calls: EF ... read_model_frame_into_Weka -> read_data_into_Weka -> .jnew -> .External
    Execution halted
Flavor: r-oldrel-osx-x86_64

Version: 0.1.0
Check: re-building of vignette outputs
Result: WARN
    Error in re-building vignettes:
     ...
    Quitting from lines 190-198 (NoiseFiltersR.Rnw)
    Error: processing vignette 'NoiseFiltersR.Rnw' failed with diagnostics:
    java.lang.UnsupportedClassVersionError: weka/core/Attribute : Unsupported major.minor version 51.0
    Execution halted
Flavor: r-oldrel-osx-x86_64