CRAN Package Check Results for Package NoiseFiltersR

Last updated on 2019-02-15 20:46:58 CET.

Flavor Version Tinstall Tcheck Ttotal Status Flags
r-devel-linux-x86_64-debian-clang 0.1.0 5.64 73.66 79.30 OK
r-devel-linux-x86_64-debian-gcc 0.1.0 4.19 55.65 59.84 OK
r-devel-linux-x86_64-fedora-clang 0.1.0 96.03 NOTE
r-devel-linux-x86_64-fedora-gcc 0.1.0 91.23 NOTE
r-devel-windows-ix86+x86_64 0.1.0 11.00 145.00 156.00 OK
r-patched-linux-x86_64 0.1.0 4.76 69.55 74.31 OK
r-release-linux-x86_64 0.1.0 5.06 68.82 73.88 OK
r-release-windows-ix86+x86_64 0.1.0 11.00 75.00 86.00 OK
r-release-osx-x86_64 0.1.0 NOTE
r-oldrel-windows-ix86+x86_64 0.1.0 6.00 152.00 158.00 OK
r-oldrel-osx-x86_64 0.1.0 WARN

Check Details

Version: 0.1.0
Check: dependencies in R code
Result: NOTE
    Namespace in Imports field not imported from: ‘rJava’
     All declared Imports should be used.
Flavors: r-devel-linux-x86_64-fedora-clang, r-devel-linux-x86_64-fedora-gcc, r-release-osx-x86_64, r-oldrel-osx-x86_64

Version: 0.1.0
Check: re-building of vignette outputs
Result: WARN
    Error in re-building vignettes:
     ...
    Warning: running command 'kpsewhich framed.sty' had status 1
    Warning in test_latex_pkg("framed", system.file("misc", "framed.sty", package = "knitr")) :
     unable to find LaTeX package 'framed'; will use a copy from knitr
    Apr 03, 2017 6:54:41 AM com.github.fommil.netlib.ARPACK <clinit>
    WARNING: Failed to load implementation from: com.github.fommil.netlib.NativeSystemARPACK
    Apr 03, 2017 6:54:41 AM com.github.fommil.netlib.ARPACK <clinit>
    WARNING: Failed to load implementation from: com.github.fommil.netlib.NativeRefARPACK
    Error in texi2dvi(file = file, pdf = TRUE, clean = clean, quiet = quiet, :
     Running 'texi2dvi' on 'NoiseFiltersR.tex' failed.
    LaTeX errors:
    ! LaTeX Error: File `stmaryrd.sty' not found.
    
    Type X to quit or <RETURN> to proceed,
    or enter new name. (Default extension: sty)
    
    ! Emergency stop.
    <read *>
    
    l.73 \usepackage
     {url}^^M
    ! ==> Fatal error occurred, no output PDF file produced!
    Calls: buildVignettes -> texi2pdf -> texi2dvi
    Execution halted
Flavor: r-oldrel-osx-x86_64