CRAN Package Check Results for Package NormalBetaPrime

Last updated on 2020-02-19 20:48:27 CET.

Flavor Version Tinstall Tcheck Ttotal Status Flags
r-devel-linux-x86_64-debian-clang 2.2 11.09 94.35 105.44 OK
r-devel-linux-x86_64-debian-gcc 2.2 8.96 72.63 81.59 OK
r-devel-linux-x86_64-fedora-clang 2.2 122.35 NOTE
r-devel-linux-x86_64-fedora-gcc 2.2 120.58 OK
r-devel-windows-ix86+x86_64 2.2 17.00 94.00 111.00 OK
r-devel-windows-ix86+x86_64-gcc8 2.2 23.00 126.00 149.00 OK
r-patched-linux-x86_64 2.2 9.09 83.78 92.87 OK
r-patched-solaris-x86 2.2 159.40 NOTE
r-release-linux-x86_64 2.2 9.11 82.03 91.14 OK
r-release-windows-ix86+x86_64 2.2 15.00 83.00 98.00 OK
r-release-osx-x86_64 2.2 NOTE
r-oldrel-windows-ix86+x86_64 2.2 11.00 94.00 105.00 OK
r-oldrel-osx-x86_64 2.2 NOTE

Check Details

Version: 2.2
Check: installed package size
Result: NOTE
     installed size is 5.1Mb
     sub-directories of 1Mb or more:
     data 4.8Mb
Flavors: r-devel-linux-x86_64-fedora-clang, r-patched-solaris-x86, r-release-osx-x86_64, r-oldrel-osx-x86_64