CRAN Package Check Results for Package NormalBetaPrime

Last updated on 2019-09-17 23:47:18 CEST.

Flavor Version Tinstall Tcheck Ttotal Status Flags
r-devel-linux-x86_64-debian-clang 2.2 9.15 82.98 92.13 OK
r-devel-linux-x86_64-debian-gcc 2.2 8.06 64.52 72.58 OK
r-devel-linux-x86_64-fedora-clang 2.2 105.97 NOTE
r-devel-linux-x86_64-fedora-gcc 2.2 107.30 OK
r-devel-windows-ix86+x86_64 2.2 25.00 94.00 119.00 OK
r-patched-linux-x86_64 2.2 8.53 82.18 90.71 OK
r-patched-solaris-x86 2.2 155.40 NOTE
r-release-linux-x86_64 2.2 7.44 82.08 89.52 OK
r-release-windows-ix86+x86_64 2.2 18.00 127.00 145.00 OK
r-release-osx-x86_64 2.2 NOTE
r-oldrel-windows-ix86+x86_64 2.2 13.00 92.00 105.00 OK
r-oldrel-osx-x86_64 2.2 NOTE

Check Details

Version: 2.2
Check: installed package size
Result: NOTE
     installed size is 5.1Mb
     sub-directories of 1Mb or more:
     data 4.8Mb
Flavors: r-devel-linux-x86_64-fedora-clang, r-patched-solaris-x86, r-release-osx-x86_64, r-oldrel-osx-x86_64