CRAN Package Check Results for Package NormalizeMets

Last updated on 2018-05-22 08:49:35 CEST.

Flavor Version Tinstall Tcheck Ttotal Status Flags
r-devel-linux-x86_64-debian-clang 0.25 8.14 143.27 151.41 OK
r-devel-linux-x86_64-debian-gcc 0.25 8.58 124.10 132.68 OK
r-devel-linux-x86_64-fedora-clang 0.25 206.75 NOTE
r-devel-linux-x86_64-fedora-gcc 0.25 202.21 NOTE
r-devel-windows-ix86+x86_64 0.25 18.00 184.00 202.00 NOTE
r-patched-linux-x86_64 0.25 9.20 152.63 161.83 OK
r-patched-solaris-x86 0.25 170.50 WARN
r-release-linux-x86_64 0.25 7.99 154.75 162.74 OK
r-release-windows-ix86+x86_64 0.25 15.00 272.00 287.00 NOTE
r-release-osx-x86_64 0.25 WARN
r-oldrel-windows-ix86+x86_64 0.25 20.00 255.00 275.00 NOTE
r-oldrel-osx-x86_64 0.25 WARN

Check Details

Version: 0.25
Check: installed package size
Result: NOTE
     installed size is 9.3Mb
     sub-directories of 1Mb or more:
     doc 8.6Mb
Flavors: r-devel-linux-x86_64-fedora-clang, r-devel-linux-x86_64-fedora-gcc, r-devel-windows-ix86+x86_64, r-patched-solaris-x86, r-release-windows-ix86+x86_64, r-release-osx-x86_64, r-oldrel-windows-ix86+x86_64, r-oldrel-osx-x86_64

Version: 0.25
Check: dependencies in R code
Result: NOTE
    Namespace in Imports field not imported from: ‘knitr’
     All declared Imports should be used.
Flavors: r-devel-linux-x86_64-fedora-clang, r-devel-linux-x86_64-fedora-gcc, r-patched-solaris-x86, r-release-osx-x86_64, r-oldrel-osx-x86_64

Version: 0.25
Check: re-building of vignette outputs
Result: WARN
    Error in re-building vignettes:
     ...
    Warning in engine$weave(file, quiet = quiet, encoding = enc) :
     Pandoc (>= 1.12.3) and/or pandoc-citeproc not available. Falling back to R Markdown v1.
    Quitting from lines 192-194 (NormalizeMets_vignette.Rmd)
    Error: processing vignette 'NormalizeMets_vignette.Rmd' failed with diagnostics:
    Saving a widget with selfcontained = TRUE requires pandoc. For details see:
    https://github.com/rstudio/rmarkdown/blob/master/PANDOC.md
    Execution halted
Flavors: r-patched-solaris-x86, r-release-osx-x86_64, r-oldrel-osx-x86_64