CRAN Package Check Results for Package NormalizeMets

Last updated on 2018-11-21 14:47:40 CET.

Flavor Version Tinstall Tcheck Ttotal Status Flags
r-devel-linux-x86_64-debian-clang 0.25 9.90 173.43 183.33 OK
r-devel-linux-x86_64-debian-gcc 0.25 7.84 131.04 138.88 OK
r-devel-linux-x86_64-fedora-clang 0.25 205.17 NOTE
r-devel-linux-x86_64-fedora-gcc 0.25 203.90 NOTE
r-devel-windows-ix86+x86_64 0.25 32.00 257.00 289.00 NOTE
r-patched-linux-x86_64 0.25 7.11 164.62 171.73 OK
r-patched-solaris-x86 0.25 174.10 WARN
r-release-linux-x86_64 0.25 7.29 166.95 174.24 OK
r-release-windows-ix86+x86_64 0.25 17.00 261.00 278.00 NOTE
r-release-osx-x86_64 0.25 WARN
r-oldrel-windows-ix86+x86_64 0.25 13.00 239.00 252.00 NOTE
r-oldrel-osx-x86_64 0.25 WARN

Check Details

Version: 0.25
Check: installed package size
Result: NOTE
     installed size is 9.3Mb
     sub-directories of 1Mb or more:
     doc 8.6Mb
Flavors: r-devel-linux-x86_64-fedora-clang, r-devel-windows-ix86+x86_64, r-patched-solaris-x86, r-release-windows-ix86+x86_64, r-release-osx-x86_64, r-oldrel-windows-ix86+x86_64, r-oldrel-osx-x86_64

Version: 0.25
Check: dependencies in R code
Result: NOTE
    Namespace in Imports field not imported from: ‘knitr’
     All declared Imports should be used.
Flavors: r-devel-linux-x86_64-fedora-clang, r-devel-linux-x86_64-fedora-gcc, r-patched-solaris-x86, r-release-osx-x86_64, r-oldrel-osx-x86_64

Version: 0.25
Check: re-building of vignette outputs
Result: WARN
    Error in re-building vignettes:
     ...
    Warning in engine$weave(file, quiet = quiet, encoding = enc) :
     Pandoc (>= 1.12.3) and/or pandoc-citeproc not available. Falling back to R Markdown v1.
    Quitting from lines 192-194 (NormalizeMets_vignette.Rmd)
    Error: processing vignette 'NormalizeMets_vignette.Rmd' failed with diagnostics:
    Saving a widget with selfcontained = TRUE requires pandoc. For details see:
    https://github.com/rstudio/rmarkdown/blob/master/PANDOC.md
    Execution halted
Flavors: r-patched-solaris-x86, r-release-osx-x86_64, r-oldrel-osx-x86_64