CRAN Package Check Results for Package NormalizeMets

Last updated on 2018-02-23 18:47:44 CET.

Flavor Version Tinstall Tcheck Ttotal Status Flags
r-devel-linux-x86_64-debian-clang 0.24 8.08 153.44 161.52 OK
r-devel-linux-x86_64-debian-gcc 0.24 7.37 115.71 123.08 OK
r-devel-windows-ix86+x86_64 0.22 35.00 334.00 369.00 NOTE
r-patched-linux-x86_64 0.22 10.04 244.55 254.59 OK
r-patched-solaris-x86 0.24 150.60 WARN
r-release-linux-x86_64 0.22 10.23 233.65 243.88 OK
r-release-windows-ix86+x86_64 0.22 37.00 338.00 375.00 NOTE
r-release-osx-x86_64 0.24 ERROR
r-oldrel-osx-x86_64 0.22 ERROR

Check Details

Version: 0.22
Check: installed package size
Result: NOTE
     installed size is 9.3Mb
     sub-directories of 1Mb or more:
     doc 8.6Mb
Flavors: r-devel-windows-ix86+x86_64, r-release-windows-ix86+x86_64

Version: 0.24
Check: installed package size
Result: NOTE
     installed size is 13.4Mb
     sub-directories of 1Mb or more:
     doc 12.7Mb
Flavor: r-patched-solaris-x86

Version: 0.24
Check: dependencies in R code
Result: NOTE
    Namespace in Imports field not imported from: ‘knitr’
     All declared Imports should be used.
Flavor: r-patched-solaris-x86

Version: 0.24
Check: re-building of vignette outputs
Result: WARN
    Error in re-building vignettes:
     ...
    Warning in engine$weave(file, quiet = quiet, encoding = enc) :
     Pandoc (>= 1.12.3) and/or pandoc-citeproc not available. Falling back to R Markdown v1.
    Quitting from lines 192-194 (NormalizeMets_vignette.Rmd)
    Error: processing vignette 'NormalizeMets_vignette.Rmd' failed with diagnostics:
    Saving a widget with selfcontained = TRUE requires pandoc. For details see:
    https://github.com/rstudio/rmarkdown/blob/master/PANDOC.md
    Execution halted
Flavor: r-patched-solaris-x86

Version: 0.24
Check: package dependencies
Result: ERROR
    Packages required but not available: ‘impute’ ‘crmn’
    
    See section ‘The DESCRIPTION file’ in the ‘Writing R Extensions’
    manual.
Flavor: r-release-osx-x86_64

Version: 0.22
Check: whether package can be installed
Result: ERROR
    Installation failed.
Flavor: r-oldrel-osx-x86_64