CRAN Package Check Results for Package Nozzle.R1

Last updated on 2021-04-14 15:48:07 CEST.

Flavor Version Tinstall Tcheck Ttotal Status Flags
r-devel-linux-x86_64-debian-clang 1.1-1 5.58 34.66 40.24 NOTE
r-devel-linux-x86_64-debian-gcc 1.1-1 4.14 26.49 30.63 NOTE
r-devel-linux-x86_64-fedora-clang 1.1-1 56.27 NOTE
r-devel-linux-x86_64-fedora-gcc 1.1-1 46.89 NOTE
r-devel-windows-ix86+x86_64 1.1-1 10.00 46.00 56.00 NOTE
r-devel-windows-x86_64-gcc10-UCRT 1.1-1 NOTE
r-patched-linux-x86_64 1.1-1 6.00 32.31 38.31 NOTE
r-patched-solaris-x86 1.1-1 61.40 NOTE
r-release-linux-x86_64 1.1-1 5.38 32.52 37.90 NOTE
r-release-macos-x86_64 1.1-1 NOTE
r-release-windows-ix86+x86_64 1.1-1 7.00 44.00 51.00 NOTE
r-oldrel-macos-x86_64 1.1-1 NOTE
r-oldrel-windows-ix86+x86_64 1.1-1 11.00 51.00 62.00 NOTE

Check Details

Version: 1.1-1
Check: R code for possible problems
Result: NOTE
    .newReportId : <anonymous>: no visible global function definition for
     'runif'
    Undefined global functions or variables:
     runif
    Consider adding
     importFrom("stats", "runif")
    to your NAMESPACE file.
Flavors: r-devel-linux-x86_64-debian-clang, r-devel-linux-x86_64-debian-gcc, r-devel-linux-x86_64-fedora-clang, r-devel-linux-x86_64-fedora-gcc, r-devel-windows-ix86+x86_64, r-devel-windows-x86_64-gcc10-UCRT, r-patched-linux-x86_64, r-patched-solaris-x86, r-release-linux-x86_64, r-release-macos-x86_64, r-release-windows-ix86+x86_64, r-oldrel-macos-x86_64, r-oldrel-windows-ix86+x86_64