CRAN Package Check Results for Package Numero

Last updated on 2022-05-27 22:52:01 CEST.

Flavor Version Tinstall Tcheck Ttotal Status Flags
r-devel-linux-x86_64-debian-clang 1.9.0 384.06 96.11 480.17 OK
r-devel-linux-x86_64-debian-gcc 1.9.0 302.90 72.95 375.85 OK
r-devel-linux-x86_64-fedora-clang 1.9.0 894.86 NOTE
r-devel-linux-x86_64-fedora-gcc 1.9.0 634.31 OK
r-devel-windows-x86_64 1.9.0 412.00 150.00 562.00 NOTE
r-patched-linux-x86_64 1.9.0 328.81 93.69 422.50 OK
r-release-linux-x86_64 1.9.0 325.25 92.34 417.59 OK
r-release-macos-arm64 1.9.0 159.00 NOTE
r-release-macos-x86_64 1.9.0 236.00 NOTE
r-release-windows-x86_64 1.9.0 426.00 157.00 583.00 NOTE
r-oldrel-macos-arm64 1.9.0 154.00 NOTE
r-oldrel-macos-x86_64 1.9.0 237.00 NOTE
r-oldrel-windows-ix86+x86_64 1.9.0 994.00 167.00 1161.00 NOTE

Check Details

Version: 1.9.0
Check: installed package size
Result: NOTE
     installed size is 17.8Mb
     sub-directories of 1Mb or more:
     doc 5.3Mb
     libs 12.1Mb
Flavors: r-devel-linux-x86_64-fedora-clang, r-devel-windows-x86_64, r-release-macos-arm64, r-release-macos-x86_64, r-release-windows-x86_64, r-oldrel-macos-arm64, r-oldrel-macos-x86_64, r-oldrel-windows-ix86+x86_64