CRAN Package Check Results for Package OCNet

Last updated on 2021-05-16 21:47:48 CEST.

Flavor Version Tinstall Tcheck Ttotal Status Flags
r-devel-linux-x86_64-debian-clang 0.4.0 24.29 227.56 251.85 OK
r-devel-linux-x86_64-debian-gcc 0.4.0 22.23 172.72 194.95 OK
r-devel-linux-x86_64-fedora-clang 0.4.0 308.51 OK
r-devel-linux-x86_64-fedora-gcc 0.4.0 300.65 OK
r-devel-windows-ix86+x86_64 0.4.0 119.00 376.00 495.00 OK
r-devel-windows-x86_64-gcc10-UCRT 0.4.0 OK
r-patched-linux-x86_64 0.4.0 30.60 215.18 245.78 OK
r-patched-solaris-x86 0.4.0 407.60 OK
r-release-linux-x86_64 0.4.0 22.86 209.95 232.81 OK
r-release-macos-x86_64 0.4.0 OK
r-release-windows-ix86+x86_64 0.4.0 46.00 273.00 319.00 OK
r-oldrel-macos-x86_64 0.4.0 WARN
r-oldrel-windows-ix86+x86_64 0.4.0 45.00 396.00 441.00 OK

Check Details

Version: 0.4.0
Check: whether package can be installed
Result: WARN
    Found the following significant warnings:
     Warning: 'rgl.init' failed, running with 'rgl.useNULL = TRUE'.
Flavor: r-oldrel-macos-x86_64