CRAN Package Check Results for Package ODMeans

Last updated on 2022-12-07 06:14:11 CET.

Flavor Version Tinstall Tcheck Ttotal Status Flags
r-devel-linux-x86_64-debian-clang 0.1.0 1.92 25.20 27.12 OK
r-devel-linux-x86_64-debian-gcc 0.1.0 1.79 19.49 21.28 OK
r-devel-linux-x86_64-fedora-clang 0.1.0 44.29 NOTE
r-devel-linux-x86_64-fedora-gcc 0.1.0 43.15 NOTE
r-devel-windows-x86_64 0.1.0 14.00 51.00 65.00 OK
r-patched-linux-x86_64 0.1.0 2.45 24.27 26.72 OK
r-release-linux-x86_64 0.1.0 1.48 24.30 25.78 OK
r-release-macos-arm64 0.1.0 15.00 NOTE
r-release-macos-x86_64 0.1.0 26.00 NOTE
r-release-windows-x86_64 0.1.0 10.00 55.00 65.00 OK
r-oldrel-macos-arm64 0.1.0 14.00 NOTE
r-oldrel-macos-x86_64 0.1.0 22.00 NOTE
r-oldrel-windows-ix86+x86_64 0.1.0 6.00 48.00 54.00 OK

Check Details

Version: 0.1.0
Check: dependencies in R code
Result: NOTE
    Namespace in Imports field not imported from: ‘ggplot2’
     All declared Imports should be used.
Flavors: r-devel-linux-x86_64-fedora-clang, r-devel-linux-x86_64-fedora-gcc, r-release-macos-arm64, r-release-macos-x86_64, r-oldrel-macos-arm64, r-oldrel-macos-x86_64