CRAN Package Check Results for Package OGI

Last updated on 2020-05-29 17:49:12 CEST.

Flavor Version Tinstall Tcheck Ttotal Status Flags
r-devel-linux-x86_64-debian-clang 1.0.0 2.12 21.17 23.29 OK
r-devel-linux-x86_64-debian-gcc 1.0.0 1.49 16.99 18.48 OK
r-devel-linux-x86_64-fedora-clang 1.0.0 29.48 NOTE
r-devel-linux-x86_64-fedora-gcc 1.0.0 27.62 NOTE
r-devel-windows-ix86+x86_64 1.0.0 7.00 93.00 100.00 OK
r-patched-linux-x86_64 1.0.0 2.03 21.67 23.70 OK
r-patched-solaris-x86 1.0.0 44.40 NOTE
r-release-linux-x86_64 1.0.0 1.93 21.33 23.26 OK
r-release-osx-x86_64 1.0.0 NOTE
r-release-windows-ix86+x86_64 1.0.0 5.00 43.00 48.00 OK
r-oldrel-osx-x86_64 1.0.0 NOTE
r-oldrel-windows-ix86+x86_64 1.0.0 6.00 34.00 40.00 OK

Check Details

Version: 1.0.0
Check: dependencies in R code
Result: NOTE
    Namespace in Imports field not imported from: ‘methods’
     All declared Imports should be used.
Flavors: r-devel-linux-x86_64-fedora-clang, r-devel-linux-x86_64-fedora-gcc, r-patched-solaris-x86, r-release-osx-x86_64, r-oldrel-osx-x86_64