CRAN Package Check Results for Package OGI

Last updated on 2019-11-14 15:47:36 CET.

Flavor Version Tinstall Tcheck Ttotal Status Flags
r-devel-linux-x86_64-debian-clang 1.0.0 1.92 19.74 21.66 OK
r-devel-linux-x86_64-debian-gcc 1.0.0 1.48 15.87 17.35 OK
r-devel-linux-x86_64-fedora-clang 1.0.0 26.58 NOTE
r-devel-linux-x86_64-fedora-gcc 1.0.0 26.09 NOTE
r-devel-windows-ix86+x86_64 1.0.0 8.00 33.00 41.00 OK
r-patched-linux-x86_64 1.0.0 1.62 18.98 20.60 OK
r-patched-solaris-x86 1.0.0 39.30 NOTE
r-release-linux-x86_64 1.0.0 1.63 19.22 20.85 OK
r-release-windows-ix86+x86_64 1.0.0 4.00 43.00 47.00 OK
r-release-osx-x86_64 1.0.0 NOTE
r-oldrel-windows-ix86+x86_64 1.0.0 2.00 33.00 35.00 OK
r-oldrel-osx-x86_64 1.0.0 NOTE

Check Details

Version: 1.0.0
Check: dependencies in R code
Result: NOTE
    Namespace in Imports field not imported from: ‘methods’
     All declared Imports should be used.
Flavors: r-devel-linux-x86_64-fedora-clang, r-devel-linux-x86_64-fedora-gcc, r-patched-solaris-x86, r-release-osx-x86_64, r-oldrel-osx-x86_64