CRAN Package Check Results for Package OOBCurve

Last updated on 2018-05-22 18:47:04 CEST.

Flavor Version Tinstall Tcheck Ttotal Status Flags
r-devel-linux-x86_64-debian-clang 0.2 6.71 85.42 92.13 OK
r-devel-linux-x86_64-debian-gcc 0.2 4.94 66.32 71.26 OK
r-devel-linux-x86_64-fedora-clang 0.2 108.46 NOTE
r-devel-linux-x86_64-fedora-gcc 0.2 104.71 NOTE
r-devel-windows-ix86+x86_64 0.2 10.00 126.00 136.00 OK
r-patched-linux-x86_64 0.2 6.04 68.58 74.62 NOTE
r-patched-solaris-x86 0.2 143.60 NOTE
r-release-linux-x86_64 0.2 4.48 68.87 73.35 NOTE
r-release-windows-ix86+x86_64 0.2 13.00 129.00 142.00 OK
r-release-osx-x86_64 0.2 NOTE
r-oldrel-windows-ix86+x86_64 0.2 16.00 117.00 133.00 OK
r-oldrel-osx-x86_64 0.2 NOTE

Check Details

Version: 0.2
Check: dependencies in R code
Result: NOTE
    Namespaces in Imports field not imported from:
     ‘randomForest’ ‘ranger’
     All declared Imports should be used.
Flavors: r-devel-linux-x86_64-fedora-clang, r-devel-linux-x86_64-fedora-gcc, r-patched-solaris-x86, r-release-osx-x86_64, r-oldrel-osx-x86_64

Version: 0.2
Check: DESCRIPTION meta-information
Result: NOTE
    Dependence on R version ‘3.3.3’ not with patchlevel 0
Flavors: r-patched-linux-x86_64, r-release-linux-x86_64