Last updated on 2021-04-14 15:48:08 CEST.
Flavor | Version | Tinstall | Tcheck | Ttotal | Status | Flags |
---|---|---|---|---|---|---|
r-devel-linux-x86_64-debian-clang | 0.3 | 9.18 | 97.36 | 106.54 | NOTE | |
r-devel-linux-x86_64-debian-gcc | 0.3 | 8.68 | 73.59 | 82.27 | NOTE | |
r-devel-linux-x86_64-fedora-clang | 0.3 | 135.90 | NOTE | |||
r-devel-linux-x86_64-fedora-gcc | 0.3 | 127.11 | NOTE | |||
r-devel-windows-ix86+x86_64 | 0.3 | 28.00 | 118.00 | 146.00 | NOTE | |
r-devel-windows-x86_64-gcc10-UCRT | 0.3 | NOTE | ||||
r-patched-linux-x86_64 | 0.3 | 9.31 | 90.21 | 99.52 | OK | |
r-patched-solaris-x86 | 0.3 | 187.50 | NOTE | |||
r-release-linux-x86_64 | 0.3 | 8.06 | 91.05 | 99.11 | OK | |
r-release-macos-x86_64 | 0.3 | NOTE | ||||
r-release-windows-ix86+x86_64 | 0.3 | 39.00 | 124.00 | 163.00 | OK | |
r-oldrel-macos-x86_64 | 0.3 | NOTE | ||||
r-oldrel-windows-ix86+x86_64 | 0.3 | 16.00 | 93.00 | 109.00 | OK |
Version: 0.3
Check: LazyData
Result: NOTE
'LazyData' is specified without a 'data' directory
Flavors: r-devel-linux-x86_64-debian-clang, r-devel-linux-x86_64-debian-gcc, r-devel-linux-x86_64-fedora-clang, r-devel-linux-x86_64-fedora-gcc, r-devel-windows-ix86+x86_64, r-devel-windows-x86_64-gcc10-UCRT
Version: 0.3
Check: dependencies in R code
Result: NOTE
Namespaces in Imports field not imported from:
‘randomForest’ ‘ranger’
All declared Imports should be used.
Flavors: r-devel-linux-x86_64-fedora-clang, r-devel-linux-x86_64-fedora-gcc, r-devel-windows-x86_64-gcc10-UCRT, r-patched-solaris-x86, r-release-macos-x86_64, r-oldrel-macos-x86_64