CRAN Package Check Results for Package OOBCurve

Last updated on 2018-11-21 14:47:40 CET.

Flavor Version Tinstall Tcheck Ttotal Status Flags
r-devel-linux-x86_64-debian-clang 0.3 5.17 77.85 83.02 OK
r-devel-linux-x86_64-debian-gcc 0.3 4.79 62.19 66.98 OK
r-devel-linux-x86_64-fedora-clang 0.3 95.87 NOTE
r-devel-linux-x86_64-fedora-gcc 0.3 92.12 NOTE
r-devel-windows-ix86+x86_64 0.3 15.00 123.00 138.00 OK
r-patched-linux-x86_64 0.3 4.66 73.63 78.29 NOTE
r-patched-solaris-x86 0.3 151.20 NOTE
r-release-linux-x86_64 0.3 5.08 73.34 78.42 NOTE
r-release-windows-ix86+x86_64 0.3 10.00 121.00 131.00 OK
r-release-osx-x86_64 0.3 NOTE
r-oldrel-windows-ix86+x86_64 0.3 13.00 105.00 118.00 OK
r-oldrel-osx-x86_64 0.3 NOTE

Check Details

Version: 0.3
Check: dependencies in R code
Result: NOTE
    Namespaces in Imports field not imported from:
     ‘randomForest’ ‘ranger’
     All declared Imports should be used.
Flavors: r-devel-linux-x86_64-fedora-clang, r-devel-linux-x86_64-fedora-gcc, r-patched-solaris-x86, r-release-osx-x86_64, r-oldrel-osx-x86_64

Version: 0.3
Check: DESCRIPTION meta-information
Result: NOTE
    Dependence on R version ‘3.3.3’ not with patchlevel 0
Flavors: r-patched-linux-x86_64, r-release-linux-x86_64