CRAN Package Check Results for Package OOBCurve

Last updated on 2018-08-21 06:50:16 CEST.

Flavor Version Tinstall Tcheck Ttotal Status Flags
r-devel-linux-x86_64-debian-clang 0.2 6.11 90.12 96.23 OK
r-devel-linux-x86_64-debian-gcc 0.2 4.61 71.37 75.98 OK
r-devel-linux-x86_64-fedora-clang 0.2 112.46 NOTE
r-devel-linux-x86_64-fedora-gcc 0.2 108.62 NOTE
r-devel-windows-ix86+x86_64 0.2 19.00 130.00 149.00 OK
r-patched-linux-x86_64 0.2 5.74 72.07 77.81 NOTE
r-patched-solaris-x86 0.2 151.00 NOTE
r-release-linux-x86_64 0.2 5.38 72.41 77.79 NOTE
r-release-windows-ix86+x86_64 0.2 13.00 111.00 124.00 OK
r-release-osx-x86_64 0.2 NOTE
r-oldrel-windows-ix86+x86_64 0.2 9.00 101.00 110.00 OK
r-oldrel-osx-x86_64 0.2 NOTE

Check Details

Version: 0.2
Check: dependencies in R code
Result: NOTE
    Namespaces in Imports field not imported from:
     ‘randomForest’ ‘ranger’
     All declared Imports should be used.
Flavors: r-devel-linux-x86_64-fedora-clang, r-devel-linux-x86_64-fedora-gcc, r-patched-solaris-x86, r-release-osx-x86_64, r-oldrel-osx-x86_64

Version: 0.2
Check: DESCRIPTION meta-information
Result: NOTE
    Dependence on R version ‘3.3.3’ not with patchlevel 0
Flavors: r-patched-linux-x86_64, r-release-linux-x86_64