CRAN Package Check Results for Package OddsPlotty

Last updated on 2022-12-06 19:55:51 CET.

Flavor Version Tinstall Tcheck Ttotal Status Flags
r-devel-linux-x86_64-debian-clang 1.0.2 6.37 71.79 78.16 OK
r-devel-linux-x86_64-debian-gcc 1.0.2 4.86 53.96 58.82 OK
r-devel-linux-x86_64-fedora-clang 1.0.2 111.28 NOTE
r-devel-linux-x86_64-fedora-gcc 1.0.2 111.22 NOTE
r-devel-windows-x86_64 1.0.2 13.00 104.00 117.00 OK
r-patched-linux-x86_64 1.0.2 5.48 69.43 74.91 OK
r-release-linux-x86_64 1.0.2 4.43 70.93 75.36 OK
r-release-macos-arm64 1.0.2 32.00 NOTE
r-release-macos-x86_64 1.0.2 53.00 NOTE
r-release-windows-x86_64 1.0.2 15.00 101.00 116.00 OK
r-oldrel-macos-arm64 1.0.2 36.00 NOTE
r-oldrel-macos-x86_64 1.0.2 43.00 NOTE
r-oldrel-windows-ix86+x86_64 1.0.2 18.00 99.00 117.00 OK

Check Details

Version: 1.0.2
Check: dependencies in R code
Result: NOTE
    Namespaces in Imports field not imported from:
     ‘caret’ ‘e1071’ ‘ggthemes’ ‘mlbench’ ‘rmarkdown’ ‘tidymodels’
     All declared Imports should be used.
Flavors: r-devel-linux-x86_64-fedora-clang, r-devel-linux-x86_64-fedora-gcc, r-release-macos-arm64, r-release-macos-x86_64, r-oldrel-macos-arm64, r-oldrel-macos-x86_64