CRAN Package Check Results for Package OlympicRshiny

Last updated on 2024-02-28 18:50:41 CET.

Flavor Version Tinstall Tcheck Ttotal Status Flags
r-devel-linux-x86_64-debian-clang 1.0.1 14.67 89.50 104.17 OK
r-devel-linux-x86_64-debian-gcc 1.0.1 12.14 69.34 81.48 OK
r-devel-linux-x86_64-fedora-clang 1.0.1 133.30 NOTE
r-devel-linux-x86_64-fedora-gcc 1.0.1 130.85 OK
r-devel-windows-x86_64 1.0.1 14.00 84.00 98.00 NOTE
r-patched-linux-x86_64 1.0.1 12.06 85.58 97.64 OK
r-release-linux-x86_64 1.0.1 10.62 86.58 97.20 OK
r-release-macos-arm64 1.0.1 65.00 NOTE
r-release-macos-x86_64 1.0.1 130.00 NOTE
r-release-windows-x86_64 1.0.1 19.00 95.00 114.00 NOTE
r-oldrel-macos-arm64 1.0.1 67.00 NOTE
r-oldrel-windows-x86_64 1.0.1 19.00 103.00 122.00 NOTE

Check Details

Version: 1.0.1
Check: installed package size
Result: NOTE installed size is 5.1Mb sub-directories of 1Mb or more: data 4.7Mb Flavors: r-devel-linux-x86_64-fedora-clang, r-devel-windows-x86_64, r-release-macos-arm64, r-release-macos-x86_64, r-release-windows-x86_64, r-oldrel-macos-arm64, r-oldrel-windows-x86_64