CRAN Package Check Results for Package Omisc

Last updated on 2022-12-10 08:53:39 CET.

Flavor Version Tinstall Tcheck Ttotal Status Flags
r-devel-linux-x86_64-debian-clang 0.1.5 3.16 61.85 65.01 OK
r-devel-linux-x86_64-debian-gcc 0.1.5 2.99 49.28 52.27 OK
r-devel-linux-x86_64-fedora-clang 0.1.5 87.12 NOTE
r-devel-linux-x86_64-fedora-gcc 0.1.5 84.93 NOTE
r-devel-windows-x86_64 0.1.5 20.00 107.00 127.00 OK
r-patched-linux-x86_64 0.1.5 4.54 57.06 61.60 OK
r-release-linux-x86_64 0.1.5 3.49 57.07 60.56 OK
r-release-macos-arm64 0.1.5 27.00 NOTE
r-release-macos-x86_64 0.1.5 34.00 NOTE
r-release-windows-x86_64 0.1.5 13.00 94.00 107.00 OK
r-oldrel-macos-arm64 0.1.5 30.00 NOTE
r-oldrel-macos-x86_64 0.1.5 36.00 NOTE
r-oldrel-windows-ix86+x86_64 0.1.5 9.00 89.00 98.00 OK

Check Details

Version: 0.1.5
Check: dependencies in R code
Result: NOTE
    Namespace in Imports field not imported from: ‘base’
     All declared Imports should be used.
Flavors: r-devel-linux-x86_64-fedora-clang, r-devel-linux-x86_64-fedora-gcc, r-release-macos-arm64, r-release-macos-x86_64, r-oldrel-macos-arm64, r-oldrel-macos-x86_64