CRAN Package Check Results for Package Omisc

Last updated on 2020-02-19 18:47:33 CET.

Flavor Version Tinstall Tcheck Ttotal Status Flags
r-devel-linux-x86_64-debian-clang 0.1.2 3.58 53.47 57.05 OK
r-devel-linux-x86_64-debian-gcc 0.1.2 3.05 40.91 43.96 OK
r-devel-linux-x86_64-fedora-clang 0.1.2 66.88 NOTE
r-devel-linux-x86_64-fedora-gcc 0.1.2 65.70 NOTE
r-devel-windows-ix86+x86_64 0.1.2 6.00 70.00 76.00 OK
r-devel-windows-ix86+x86_64-gcc8 0.1.2 11.00 94.00 105.00 OK
r-patched-linux-x86_64 0.1.2 3.11 46.67 49.78 OK
r-patched-solaris-x86 0.1.2 88.80 NOTE
r-release-linux-x86_64 0.1.2 3.27 47.81 51.08 OK
r-release-windows-ix86+x86_64 0.1.2 7.00 65.00 72.00 OK
r-release-osx-x86_64 0.1.2 NOTE
r-oldrel-windows-ix86+x86_64 0.1.2 3.00 59.00 62.00 OK
r-oldrel-osx-x86_64 0.1.2 NOTE

Check Details

Version: 0.1.2
Check: dependencies in R code
Result: NOTE
    Namespace in Imports field not imported from: ‘base’
     All declared Imports should be used.
Flavors: r-devel-linux-x86_64-fedora-clang, r-devel-linux-x86_64-fedora-gcc, r-patched-solaris-x86, r-release-osx-x86_64, r-oldrel-osx-x86_64