CRAN Package Check Results for Package Omisc

Last updated on 2019-09-18 14:47:54 CEST.

Flavor Version Tinstall Tcheck Ttotal Status Flags
r-devel-linux-x86_64-debian-clang 0.1.2 3.05 47.63 50.68 OK
r-devel-linux-x86_64-debian-gcc 0.1.2 2.73 37.52 40.25 OK
r-devel-linux-x86_64-fedora-clang 0.1.2 62.21 NOTE
r-devel-linux-x86_64-fedora-gcc 0.1.2 62.17 NOTE
r-devel-windows-ix86+x86_64 0.1.2 13.00 89.00 102.00 OK
r-patched-linux-x86_64 0.1.2 3.22 47.38 50.60 OK
r-patched-solaris-x86 0.1.2 90.90 NOTE
r-release-linux-x86_64 0.1.2 3.05 47.23 50.28 OK
r-release-windows-ix86+x86_64 0.1.2 6.00 60.00 66.00 OK
r-release-osx-x86_64 0.1.2 NOTE
r-oldrel-windows-ix86+x86_64 0.1.2 5.00 63.00 68.00 OK
r-oldrel-osx-x86_64 0.1.2 NOTE

Check Details

Version: 0.1.2
Check: dependencies in R code
Result: NOTE
    Namespace in Imports field not imported from: ‘base’
     All declared Imports should be used.
Flavors: r-devel-linux-x86_64-fedora-clang, r-devel-linux-x86_64-fedora-gcc, r-patched-solaris-x86, r-release-osx-x86_64, r-oldrel-osx-x86_64