CRAN Package Check Results for Package OpenML

Last updated on 2018-02-22 22:47:35 CET.

Flavor Version Tinstall Tcheck Ttotal Status Flags
r-devel-linux-x86_64-debian-clang 1.7 7.94 79.93 87.87 OK
r-devel-linux-x86_64-debian-gcc 1.7 8.17 69.93 78.10 OK
r-devel-linux-x86_64-fedora-clang 1.7 121.82 OK
r-devel-linux-x86_64-fedora-gcc 1.7 116.66 OK
r-devel-windows-ix86+x86_64 1.7 24.00 104.00 128.00 OK
r-patched-linux-x86_64 1.7 9.04 94.30 103.34 OK
r-patched-solaris-x86 1.7 174.10 NOTE
r-release-linux-x86_64 1.7 8.41 94.11 102.52 OK
r-release-windows-ix86+x86_64 1.7 26.00 136.00 162.00 OK
r-release-osx-x86_64 1.7 OK
r-oldrel-windows-ix86+x86_64 1.7 18.00 104.00 122.00 OK
r-oldrel-osx-x86_64 1.7 ERROR

Check Details

Version: 1.7
Check: package dependencies
Result: NOTE
    Package suggested but not available for checking: ‘RWeka’
Flavor: r-patched-solaris-x86

Version: 1.7
Check: package dependencies
Result: ERROR
    Package required and available but unsuitable version: ‘mlr’
    
    Package suggested but not available for checking: ‘farff’
    
    See section ‘The DESCRIPTION file’ in the ‘Writing R Extensions’
    manual.
Flavor: r-oldrel-osx-x86_64