CRAN Package Check Results for Package OpenML

Last updated on 2018-05-27 18:51:38 CEST.

Flavor Version Tinstall Tcheck Ttotal Status Flags
r-devel-linux-x86_64-debian-clang 1.8 11.45 104.26 115.71 OK
r-devel-linux-x86_64-debian-gcc 1.8 8.89 82.14 91.03 OK
r-devel-linux-x86_64-fedora-clang 1.8 135.54 OK
r-devel-linux-x86_64-fedora-gcc 1.8 135.86 OK
r-devel-windows-ix86+x86_64 1.8 17.00 110.00 127.00 OK
r-patched-linux-x86_64 1.8 8.55 88.13 96.68 OK
r-patched-solaris-x86 1.8 164.30 NOTE
r-release-linux-x86_64 1.8 9.85 88.31 98.16 OK
r-release-windows-ix86+x86_64 1.8 26.00 124.00 150.00 OK
r-release-osx-x86_64 1.8 OK
r-oldrel-windows-ix86+x86_64 1.8 23.00 108.00 131.00 OK
r-oldrel-osx-x86_64 1.8 OK

Check Details

Version: 1.8
Check: package dependencies
Result: NOTE
    Package suggested but not available for checking: ‘RWeka’
Flavor: r-patched-solaris-x86