CRAN Package Check Results for Package OpenML

Last updated on 2018-08-16 12:50:21 CEST.

Flavor Version Tinstall Tcheck Ttotal Status Flags
r-devel-linux-x86_64-debian-clang 1.8 10.08 111.08 121.16 OK
r-devel-linux-x86_64-debian-gcc 1.8 8.12 87.04 95.16 OK
r-devel-linux-x86_64-fedora-clang 1.8 146.02 OK
r-devel-linux-x86_64-fedora-gcc 1.8 138.19 OK
r-devel-windows-ix86+x86_64 1.8 30.00 161.00 191.00 WARN
r-patched-linux-x86_64 1.8 8.44 92.31 100.75 OK
r-patched-solaris-x86 1.8 179.10 NOTE
r-release-linux-x86_64 1.8 8.39 92.13 100.52 OK
r-release-windows-ix86+x86_64 1.8 26.00 138.00 164.00 OK
r-release-osx-x86_64 1.8 OK
r-oldrel-windows-ix86+x86_64 1.8 25.00 148.00 173.00 OK
r-oldrel-osx-x86_64 1.8 OK

Check Details

Version: 1.8
Check: whether package can be installed
Result: WARN
    Found the following significant warnings:
     Warning: S3 methods '[.fun_list', '[.grouped_df', 'all.equal.tbl_df', 'anti_join.data.frame', 'anti_join.tbl_df', 'arrange.data.frame', 'arrange.default', 'arrange.grouped_df', 'arrange.tbl_df', 'arrange_.data.frame', 'arrange_.tbl_df', 'as.data.frame.grouped_df', 'as.data.frame.rowwise_df', 'as.data.frame.tbl_cube', 'as.data.frame.tbl_df', 'as.table.tbl_cube', 'as.tbl.data.frame', 'as.tbl.tbl', 'as.tbl_cube.array', 'as.tbl_cube.data.frame', 'as.tbl_cube.matrix', 'as.tbl_cube.table', 'as_data_frame.grouped_df', 'as_data_frame.tbl_cube', 'auto_copy.tbl_cube', 'auto_copy.tbl_df', 'cbind.grouped_df', 'collapse.data.frame', 'collect.data.frame', 'common_by.NULL', 'common_by.character', 'common_by.default', 'common_by.list', 'compute.data.frame', 'copy_to.DBIConnection', 'copy_to.src_local', 'default_missing.data.frame', 'default_missing.default', 'dim.tbl_cube', 'distinct.data.frame', 'distinct.default', 'distinct.grouped_df', 'distinct.tbl_df', 'distinct_.data.frame', 'distinct_.grouped_df', 'dist [... truncated]
Flavor: r-devel-windows-ix86+x86_64

Version: 1.8
Check: package dependencies
Result: NOTE
    Package suggested but not available for checking: ‘RWeka’
Flavor: r-patched-solaris-x86