CRAN Package Check Results for Package OpenRepGrid

Last updated on 2018-02-25 05:47:35 CET.

Flavor Version Tinstall Tcheck Ttotal Status Flags
r-devel-linux-x86_64-debian-clang 0.1.10 11.63 80.77 92.40 WARN
r-devel-linux-x86_64-debian-gcc 0.1.10 10.66 62.74 73.40 WARN
r-devel-linux-x86_64-fedora-clang 0.1.10 112.58 WARN
r-devel-linux-x86_64-fedora-gcc 0.1.10 115.19 WARN
r-devel-windows-ix86+x86_64 0.1.10 25.00 117.00 142.00 WARN
r-patched-linux-x86_64 0.1.10 4.77 86.71 91.48 OK
r-patched-solaris-x86 0.1.10 140.70 OK
r-release-linux-x86_64 0.1.10 5.04 86.18 91.22 OK
r-release-windows-ix86+x86_64 0.1.10 22.00 124.00 146.00 OK
r-release-osx-x86_64 0.1.10 OK
r-oldrel-windows-ix86+x86_64 0.1.10 12.00 95.00 107.00 OK
r-oldrel-osx-x86_64 0.1.10 OK

Check Details

Version: 0.1.10
Check: whether package can be installed
Result: WARN
    Found the following significant warnings:
     Note: break may be used in wrong context: no loop is visible
Flavors: r-devel-linux-x86_64-debian-clang, r-devel-linux-x86_64-debian-gcc, r-devel-linux-x86_64-fedora-clang, r-devel-linux-x86_64-fedora-gcc, r-devel-windows-ix86+x86_64