Last updated on 2023-09-25 12:01:46 CEST.
Flavor | Version | Tinstall | Tcheck | Ttotal | Status | Flags |
---|---|---|---|---|---|---|
r-devel-linux-x86_64-debian-clang | 2022.1.28 | 14.93 | 41.36 | 56.29 | OK | |
r-devel-linux-x86_64-debian-gcc | 2022.1.28 | 12.37 | 32.81 | 45.18 | OK | |
r-devel-linux-x86_64-fedora-clang | 2022.1.28 | 70.34 | NOTE | |||
r-devel-linux-x86_64-fedora-gcc | 2022.1.28 | 72.65 | NOTE | |||
r-devel-windows-x86_64 | 2022.1.28 | 19.00 | 64.00 | 83.00 | OK | |
r-patched-linux-x86_64 | 2022.1.28 | 16.61 | 40.20 | 56.81 | OK | |
r-release-linux-x86_64 | 2022.1.28 | 13.20 | 40.20 | 53.40 | OK | |
r-release-macos-arm64 | 2022.1.28 | 38.00 | OK | |||
r-release-macos-x86_64 | 2022.1.28 | 46.00 | OK | |||
r-release-windows-x86_64 | 2022.1.28 | 19.00 | 70.00 | 89.00 | OK | |
r-oldrel-macos-arm64 | 2022.1.28 | 37.00 | NOTE | |||
r-oldrel-macos-x86_64 | 2022.1.28 | 41.00 | NOTE | |||
r-oldrel-windows-x86_64 | 2022.1.28 | 19.00 | 67.00 | 86.00 | OK |
Version: 2022.1.28
Check: data for non-ASCII characters
Result: NOTE
Note: found 167 marked UTF-8 strings
Flavors: r-devel-linux-x86_64-fedora-clang, r-devel-linux-x86_64-fedora-gcc, r-oldrel-macos-arm64, r-oldrel-macos-x86_64