CRAN Package Check Results for Package OpenTreeChronograms

Last updated on 2022-11-29 02:55:07 CET.

Flavor Version Tinstall Tcheck Ttotal Status Flags
r-devel-linux-x86_64-debian-clang 2022.1.28 14.13 43.17 57.30 OK
r-devel-linux-x86_64-debian-gcc 2022.1.28 11.63 34.06 45.69 OK
r-devel-linux-x86_64-fedora-clang 2022.1.28 84.17 NOTE
r-devel-linux-x86_64-fedora-gcc 2022.1.28 80.16 NOTE
r-devel-windows-x86_64 2022.1.28 119.00 85.00 204.00 OK
r-patched-linux-x86_64 2022.1.28 19.85 40.74 60.59 OK
r-release-linux-x86_64 2022.1.28 13.00 40.98 53.98 OK
r-release-macos-arm64 2022.1.28 37.00 NOTE
r-release-macos-x86_64 2022.1.28 41.00 NOTE
r-release-windows-x86_64 2022.1.28 104.00 82.00 186.00 OK
r-oldrel-macos-arm64 2022.1.28 37.00 NOTE
r-oldrel-macos-x86_64 2022.1.28 43.00 NOTE
r-oldrel-windows-ix86+x86_64 2022.1.28 24.00 73.00 97.00 OK

Check Details

Version: 2022.1.28
Check: data for non-ASCII characters
Result: NOTE
     Note: found 167 marked UTF-8 strings
Flavors: r-devel-linux-x86_64-fedora-clang, r-devel-linux-x86_64-fedora-gcc, r-release-macos-arm64, r-release-macos-x86_64, r-oldrel-macos-arm64, r-oldrel-macos-x86_64