CRAN Package Check Results for Package OptimClassifier

Last updated on 2018-12-09 22:58:35 CET.

Flavor Version Tinstall Tcheck Ttotal Status Flags
r-devel-linux-x86_64-debian-clang 0.1.4 3.53 54.03 57.56 OK
r-devel-linux-x86_64-debian-gcc 0.1.4 3.28 42.06 45.34 OK
r-devel-linux-x86_64-fedora-clang 0.1.4 67.61 OK
r-devel-linux-x86_64-fedora-gcc 0.1.4 70.22 OK
r-devel-windows-ix86+x86_64 0.1.4 9.00 106.00 115.00 OK
r-patched-linux-x86_64 0.1.4 3.93 51.21 55.14 OK
r-patched-solaris-x86 0.1.4 106.10 WARN
r-release-linux-x86_64 0.1.4 2.80 50.78 53.58 OK
r-release-windows-ix86+x86_64 0.1.4 6.00 62.00 68.00 OK
r-release-osx-x86_64 0.1.4 OK
r-oldrel-windows-ix86+x86_64 0.1.4 5.00 71.00 76.00 OK
r-oldrel-osx-x86_64 0.1.4 OK

Check Details

Version: 0.1.4
Check: re-building of vignette outputs
Result: WARN
    Error in re-building vignettes:
     ...
    Warning in engine$weave(file, quiet = quiet, encoding = enc) :
     Pandoc (>= 1.12.3) and/or pandoc-citeproc not available. Falling back to R Markdown v1.
    Error: processing vignette 'Introduction.Rmd' failed with diagnostics:
    invalid multibyte string at '<f0><9f><95><9b></h2>
    
    <p><strong>OptimClassifier</strong> provides a set of tools for creating models, selecting the best parameters combination for a model, and select the best threshold for your binary classification. The package contains tools for:</p>
    
    <ul>
    <li>Linear Model (LM) </li>
    <li>Generalized Linear Model (GLM) </li>
    <li>Linear Mixed Model (LMM) </li>
    <li>Classification And Regression Tree (CART)</li>
    <li>Discriminant Analysis (DA)</li>
    <li>Neural Networks (NN)</li>
    <li>Support Vector Machines (SVM)</li>
    </ul>
    
    <h2>Take a quick look at functions</h2>
    
    <p>The main function could summarize in this table:</p>
    
    <style type="text/css">
    table td {padding: 0px 0px;border-width: 1px; border-style: inset;}
    .tg {border-collapse:collapse;border-spacing:0;}
    .tg {border-style:solid;padding: 0px 0px; border-width:1px; overflow:hidden;word-break:normal;border-color:black;}
    .tgd{border-style:soli
    Execution halted
Flavor: r-patched-solaris-x86