CRAN Package Check Results for Package OptimaRegion

Last updated on 2022-12-03 07:56:42 CET.

Flavor Version Tinstall Tcheck Ttotal Status Flags
r-devel-linux-x86_64-debian-clang 1.1 3.64 41.90 45.54 NOTE
r-devel-linux-x86_64-debian-gcc 1.1 3.45 32.89 36.34 NOTE
r-devel-linux-x86_64-fedora-clang 1.1 69.30 NOTE
r-devel-linux-x86_64-fedora-gcc 1.1 66.02 NOTE
r-devel-windows-x86_64 1.1 26.00 71.00 97.00 NOTE
r-patched-linux-x86_64 1.1 3.80 39.30 43.10 OK
r-release-linux-x86_64 1.1 3.49 40.45 43.94 OK
r-release-macos-arm64 1.1 23.00 NOTE
r-release-macos-x86_64 1.1 33.00 NOTE
r-release-windows-x86_64 1.1 27.00 68.00 95.00 OK
r-oldrel-macos-arm64 1.1 21.00 NOTE
r-oldrel-macos-x86_64 1.1 30.00 NOTE
r-oldrel-windows-ix86+x86_64 1.1 10.00 70.00 80.00 OK

Check Details

Version: 1.1
Check: Rd files
Result: NOTE
    checkRd: (-1) quad_3D.Rd:22: Escaped LaTeX specials: \&
Flavors: r-devel-linux-x86_64-debian-clang, r-devel-linux-x86_64-debian-gcc, r-devel-linux-x86_64-fedora-clang, r-devel-linux-x86_64-fedora-gcc, r-devel-windows-x86_64

Version: 1.1
Check: dependencies in R code
Result: NOTE
    Namespace in Imports field not imported from: ‘geometry’
     All declared Imports should be used.
Flavors: r-devel-linux-x86_64-fedora-clang, r-devel-linux-x86_64-fedora-gcc, r-release-macos-arm64, r-release-macos-x86_64, r-oldrel-macos-arm64, r-oldrel-macos-x86_64