CRAN Package Check Results for Package OutbreakTools

Last updated on 2018-05-25 03:47:15 CEST.

Flavor Version Tinstall Tcheck Ttotal Status Flags
r-devel-linux-x86_64-debian-clang 0.1-16 8.09 90.58 98.67 WARN
r-devel-linux-x86_64-debian-gcc 0.1-16 7.64 118.96 126.60 OK
r-devel-linux-x86_64-fedora-clang 0.1-16 189.68 OK
r-devel-linux-x86_64-fedora-gcc 0.1-16 125.56 OK
r-devel-windows-ix86+x86_64 0.1-16 14.00 177.00 191.00 OK
r-patched-linux-x86_64 0.1-16 7.57 142.36 149.93 OK
r-patched-solaris-x86 0.1-16 263.10 OK
r-release-linux-x86_64 0.1-16 7.54 143.09 150.63 OK
r-release-windows-ix86+x86_64 0.1-16 20.00 219.00 239.00 OK
r-release-osx-x86_64 0.1-16 OK
r-oldrel-windows-ix86+x86_64 0.1-16 16.00 185.00 201.00 OK
r-oldrel-osx-x86_64 0.1-16 OK

Check Details

Version: 0.1-16
Check: re-building of vignette outputs
Result: WARN
    Error in re-building vignettes:
     ...
    Warning in .local(x, ...) :
     The following sequence IDs are not in the dataset: 311, 222
    Warning in .local(x, ...) :
     The following sequence IDs are not in the dataset: 311, 222
    Warning in (if (out_format(c("latex", "sweave", "listings"))) sanitize_fn else paste0)(path, :
     replaced special characters in figure filename "figs/OutbreakTools-out.width==".8\\textwidth"" -> "figs/OutbreakTools-out.width___.8\\textwidth_"
    Warning in (if (out_format(c("latex", "sweave", "listings"))) sanitize_fn else paste0)(path, :
     dots in figure paths replaced with _ ("figs/OutbreakTools-out_width____8//textwidth_")
    Warning: The shape palette can deal with a maximum of 6 discrete values because
    more than 6 becomes difficult to discriminate; you have 11. Consider
    specifying shapes manually if you must have them.
    Warning: Removed 58 rows containing missing values (geom_point).
    Warning: `show_guide` has been deprecated. Please use `show.legend` instead.
    Warning: `show_guide` has been deprecated. Please use `show.legend` instead.
    Map from URL : http://maps.googleapis.com/maps/api/staticmap?center=51.516439,-0.171146&zoom=14&size=640x640&scale=2&maptype=terrain&language=en-EN&sensor=false
    Warning: Removed 4 rows containing missing values (geom_point).
    Warning in download.file(url, destfile = tmp, quiet = !messaging, mode = "wb") :
     cannot open URL 'http://maps.googleapis.com/maps/api/staticmap?center=51.516029,-0.178545&zoom=15&size=640x640&scale=2&maptype=terrain&language=en-EN&sensor=false': HTTP status was '403 Forbidden'
    Quitting from lines 1028-1030 (OutbreakTools.Rnw)
    Error: processing vignette ‘OutbreakTools.Rnw’ failed with diagnostics:
    cannot open URL ‘http://maps.googleapis.com/maps/api/staticmap?center=51.516029,-0.178545&zoom=15&size=640x640&scale=2&maptype=terrain&language=en-EN&sensor=false’
    Execution halted
Flavor: r-devel-linux-x86_64-debian-clang