CRAN Package Check Results for Package OutrankingTools

Last updated on 2018-11-20 13:46:33 CET.

Flavor Version Tinstall Tcheck Ttotal Status Flags
r-devel-linux-x86_64-debian-clang 1.0 4.17 32.52 36.69 NOTE
r-devel-linux-x86_64-debian-gcc 1.0 3.83 25.87 29.70 NOTE
r-devel-linux-x86_64-fedora-clang 1.0 43.44 NOTE
r-devel-linux-x86_64-fedora-gcc 1.0 42.38 NOTE
r-devel-windows-ix86+x86_64 1.0 9.00 48.00 57.00 NOTE
r-patched-linux-x86_64 1.0 4.10 31.25 35.35 NOTE
r-patched-solaris-x86 1.0 60.00 NOTE
r-release-linux-x86_64 1.0 3.60 31.40 35.00 NOTE
r-release-windows-ix86+x86_64 1.0 6.00 56.00 62.00 NOTE
r-release-osx-x86_64 1.0 NOTE
r-oldrel-windows-ix86+x86_64 1.0 4.00 55.00 59.00 NOTE
r-oldrel-osx-x86_64 1.0 NOTE

Check Details

Version: 1.0
Check: R code for possible problems
Result: NOTE
    Electre3_AlphaBetaThresholds: no visible global function definition for
     ‘plot’
    Electre3_SimpleThresholds: no visible global function definition for
     ‘plot’
    Electre_1: no visible global function definition for ‘plot’
    Undefined global functions or variables:
     plot
    Consider adding
     importFrom("graphics", "plot")
    to your NAMESPACE file.
Flavors: r-devel-linux-x86_64-debian-clang, r-devel-linux-x86_64-debian-gcc, r-devel-linux-x86_64-fedora-clang, r-devel-linux-x86_64-fedora-gcc, r-devel-windows-ix86+x86_64, r-patched-linux-x86_64, r-patched-solaris-x86, r-release-linux-x86_64, r-release-windows-ix86+x86_64, r-release-osx-x86_64, r-oldrel-windows-ix86+x86_64, r-oldrel-osx-x86_64