CRAN Package Check Results for Package OutrankingTools

Last updated on 2018-05-22 13:46:41 CEST.

Flavor Version Tinstall Tcheck Ttotal Status Flags
r-devel-linux-x86_64-debian-clang 1.0 5.40 32.26 37.66 NOTE
r-devel-linux-x86_64-debian-gcc 1.0 2.74 25.10 27.84 NOTE
r-devel-linux-x86_64-fedora-clang 1.0 44.69 NOTE
r-devel-linux-x86_64-fedora-gcc 1.0 43.35 NOTE
r-devel-windows-ix86+x86_64 1.0 9.00 43.00 52.00 NOTE
r-patched-linux-x86_64 1.0 5.18 31.18 36.36 NOTE
r-patched-solaris-x86 1.0 60.20 NOTE
r-release-linux-x86_64 1.0 5.13 30.78 35.91 NOTE
r-release-windows-ix86+x86_64 1.0 10.00 55.00 65.00 NOTE
r-release-osx-x86_64 1.0 NOTE
r-oldrel-windows-ix86+x86_64 1.0 4.00 43.00 47.00 NOTE
r-oldrel-osx-x86_64 1.0 NOTE

Check Details

Version: 1.0
Check: R code for possible problems
Result: NOTE
    Electre3_AlphaBetaThresholds: no visible global function definition for
     ‘plot’
    Electre3_SimpleThresholds: no visible global function definition for
     ‘plot’
    Electre_1: no visible global function definition for ‘plot’
    Undefined global functions or variables:
     plot
    Consider adding
     importFrom("graphics", "plot")
    to your NAMESPACE file.
Flavors: r-devel-linux-x86_64-debian-clang, r-devel-linux-x86_64-debian-gcc, r-devel-linux-x86_64-fedora-clang, r-devel-linux-x86_64-fedora-gcc, r-devel-windows-ix86+x86_64, r-patched-linux-x86_64, r-patched-solaris-x86, r-release-linux-x86_64, r-release-windows-ix86+x86_64, r-release-osx-x86_64, r-oldrel-windows-ix86+x86_64, r-oldrel-osx-x86_64