CRAN Package Check Results for Package OutrankingTools

Last updated on 2018-02-22 11:58:07 CET.

Flavor Version Tinstall Tcheck Ttotal Status Flags
r-devel-linux-x86_64-debian-clang 1.0 4.59 27.90 32.49 NOTE
r-devel-linux-x86_64-debian-gcc 1.0 4.15 24.13 28.28 NOTE
r-devel-linux-x86_64-fedora-clang 1.0 42.87 NOTE
r-devel-linux-x86_64-fedora-gcc 1.0 41.67 NOTE
r-devel-windows-ix86+x86_64 1.0 9.00 43.00 52.00 NOTE
r-patched-linux-x86_64 1.0 1.04 32.51 33.55 NOTE
r-patched-solaris-x86 1.0 49.40 NOTE
r-release-linux-x86_64 1.0 1.03 32.60 33.63 NOTE
r-release-windows-ix86+x86_64 1.0 4.00 54.00 58.00 NOTE
r-release-osx-x86_64 1.0 NOTE
r-oldrel-windows-ix86+x86_64 1.0 2.00 39.00 41.00 NOTE
r-oldrel-osx-x86_64 1.0 NOTE

Check Details

Version: 1.0
Check: R code for possible problems
Result: NOTE
    Electre3_AlphaBetaThresholds: no visible global function definition for
     ‘plot’
    Electre3_SimpleThresholds: no visible global function definition for
     ‘plot’
    Electre_1: no visible global function definition for ‘plot’
    Undefined global functions or variables:
     plot
    Consider adding
     importFrom("graphics", "plot")
    to your NAMESPACE file.
Flavors: r-devel-linux-x86_64-debian-clang, r-devel-linux-x86_64-debian-gcc, r-devel-linux-x86_64-fedora-clang, r-devel-linux-x86_64-fedora-gcc, r-devel-windows-ix86+x86_64, r-patched-linux-x86_64, r-patched-solaris-x86, r-release-linux-x86_64, r-release-windows-ix86+x86_64, r-release-osx-x86_64, r-oldrel-windows-ix86+x86_64, r-oldrel-osx-x86_64