CRAN Package Check Results for Package PAC

Last updated on 2018-05-23 07:50:17 CEST.

Flavor Version Tinstall Tcheck Ttotal Status Flags
r-devel-linux-x86_64-debian-clang 1.0.10 25.29 69.58 94.87 OK
r-devel-linux-x86_64-debian-gcc 1.0.10 0.41 1.45 1.86 ERROR
r-devel-linux-x86_64-fedora-clang 1.0.10 103.88 OK
r-devel-linux-x86_64-fedora-gcc 1.0.10 92.15 OK
r-devel-windows-ix86+x86_64 1.0.10 53.00 98.00 151.00 OK
r-patched-linux-x86_64 1.0.10 25.94 51.09 77.03 OK
r-patched-solaris-x86 1.0.10 120.10 OK
r-release-linux-x86_64 1.0.10 23.17 50.99 74.16 OK
r-release-windows-ix86+x86_64 1.0.10 73.00 114.00 187.00 OK
r-release-osx-x86_64 1.0.10 OK
r-oldrel-windows-ix86+x86_64 1.0.10 76.00 124.00 200.00 OK
r-oldrel-osx-x86_64 1.0.10 OK

Check Details

Version: 1.0.10
Check: package dependencies
Result: ERROR
    Packages required but not available: ‘dplyr’ ‘ggplot2’ ‘ggrepel’
    
    See section ‘The DESCRIPTION file’ in the ‘Writing R Extensions’
    manual.
Flavor: r-devel-linux-x86_64-debian-gcc