CRAN Package Check Results for Package PAFit

Last updated on 2023-03-31 13:50:17 CEST.

Flavor Version Tinstall Tcheck Ttotal Status Flags
r-devel-linux-x86_64-debian-clang 1.2.5 39.06 283.36 322.42 NOTE
r-devel-linux-x86_64-debian-gcc 1.2.5 36.41 198.96 235.37 NOTE
r-devel-linux-x86_64-fedora-clang 1.2.5 384.43 NOTE
r-devel-linux-x86_64-fedora-gcc 1.2.5 392.09 NOTE
r-devel-windows-x86_64 1.2.5 68.00 0.00 68.00 NOTE
r-patched-linux-x86_64 1.2.5 44.69 243.49 288.18 NOTE
r-release-linux-x86_64 1.2.5 37.81 251.11 288.92 OK
r-release-macos-arm64 1.2.5 88.00 OK
r-release-macos-x86_64 1.2.5 168.00 OK
r-release-windows-x86_64 1.2.5 53.00 331.00 384.00 OK
r-oldrel-macos-arm64 1.2.5 94.00 OK
r-oldrel-macos-x86_64 1.2.5 133.00 OK
r-oldrel-windows-ix86+x86_64 1.2.5 97.00 430.00 527.00 OK

Check Details

Version: 1.2.5
Check: C++ specification
Result: NOTE
     Specified C++14: please drop specification unless essential
Flavors: r-devel-linux-x86_64-debian-clang, r-devel-linux-x86_64-debian-gcc, r-devel-linux-x86_64-fedora-clang, r-devel-linux-x86_64-fedora-gcc, r-devel-windows-x86_64, r-patched-linux-x86_64