CRAN Package Check Results for Package PATHChange

Last updated on 2018-11-14 18:48:02 CET.

Flavor Version Tinstall Tcheck Ttotal Status Flags
r-devel-linux-x86_64-debian-clang 1.0 2.28 27.75 30.03 OK
r-devel-linux-x86_64-debian-gcc 1.0 1.83 22.34 24.17 OK
r-devel-linux-x86_64-fedora-clang 1.0 34.50 NOTE
r-devel-linux-x86_64-fedora-gcc 1.0 33.40 OK
r-devel-windows-ix86+x86_64 1.0 5.00 60.00 65.00 NOTE
r-patched-linux-x86_64 1.0 1.89 24.19 26.08 OK
r-patched-solaris-x86 1.0 51.10 NOTE
r-release-linux-x86_64 1.0 1.79 24.52 26.31 OK
r-release-windows-ix86+x86_64 1.0 10.00 35.00 45.00 NOTE
r-release-osx-x86_64 1.0 NOTE
r-oldrel-windows-ix86+x86_64 1.0 7.00 57.00 64.00 NOTE
r-oldrel-osx-x86_64 1.0 NOTE

Check Details

Version: 1.0
Check: installed package size
Result: NOTE
     installed size is 5.8Mb
     sub-directories of 1Mb or more:
     extdata 5.7Mb
Flavors: r-devel-linux-x86_64-fedora-clang, r-devel-windows-ix86+x86_64, r-patched-solaris-x86, r-release-windows-ix86+x86_64, r-release-osx-x86_64, r-oldrel-windows-ix86+x86_64, r-oldrel-osx-x86_64