CRAN Package Check Results for Package PATHChange

Last updated on 2018-02-23 10:48:27 CET.

Flavor Version Tinstall Tcheck Ttotal Status Flags
r-devel-linux-x86_64-debian-clang 1.0 1.96 21.89 23.85 OK
r-devel-linux-x86_64-debian-gcc 1.0 1.59 19.32 20.91 OK
r-devel-linux-x86_64-fedora-clang 1.0 30.75 NOTE
r-devel-linux-x86_64-fedora-gcc 1.0 32.33 NOTE
r-devel-windows-ix86+x86_64 1.0 8.00 61.00 69.00 NOTE
r-patched-linux-x86_64 1.0 1.66 24.32 25.98 OK
r-patched-solaris-x86 1.0 44.20 NOTE
r-release-linux-x86_64 1.0 1.43 24.10 25.53 OK
r-release-windows-ix86+x86_64 1.0 5.00 49.00 54.00 NOTE
r-release-osx-x86_64 1.0 NOTE
r-oldrel-windows-ix86+x86_64 1.0 5.00 38.00 43.00 NOTE
r-oldrel-osx-x86_64 1.0 NOTE

Check Details

Version: 1.0
Check: installed package size
Result: NOTE
     installed size is 5.8Mb
     sub-directories of 1Mb or more:
     extdata 5.7Mb
Flavors: r-devel-linux-x86_64-fedora-clang, r-devel-linux-x86_64-fedora-gcc, r-devel-windows-ix86+x86_64, r-patched-solaris-x86, r-release-windows-ix86+x86_64, r-release-osx-x86_64, r-oldrel-windows-ix86+x86_64, r-oldrel-osx-x86_64