CRAN Package Check Results for Package PATHChange

Last updated on 2018-05-22 08:49:37 CEST.

Flavor Version Tinstall Tcheck Ttotal Status Flags
r-devel-linux-x86_64-debian-clang 1.0 2.06 24.36 26.42 OK
r-devel-linux-x86_64-debian-gcc 1.0 1.66 20.88 22.54 OK
r-devel-linux-x86_64-fedora-clang 1.0 33.53 NOTE
r-devel-linux-x86_64-fedora-gcc 1.0 31.90 NOTE
r-devel-windows-ix86+x86_64 1.0 5.00 34.00 39.00 NOTE
r-patched-linux-x86_64 1.0 1.79 24.31 26.10 OK
r-patched-solaris-x86 1.0 52.20 NOTE
r-release-linux-x86_64 1.0 2.12 24.17 26.29 OK
r-release-windows-ix86+x86_64 1.0 9.00 50.00 59.00 NOTE
r-release-osx-x86_64 1.0 NOTE
r-oldrel-windows-ix86+x86_64 1.0 6.00 47.00 53.00 NOTE
r-oldrel-osx-x86_64 1.0 NOTE

Check Details

Version: 1.0
Check: installed package size
Result: NOTE
     installed size is 5.8Mb
     sub-directories of 1Mb or more:
     extdata 5.7Mb
Flavors: r-devel-linux-x86_64-fedora-clang, r-devel-linux-x86_64-fedora-gcc, r-devel-windows-ix86+x86_64, r-patched-solaris-x86, r-release-windows-ix86+x86_64, r-release-osx-x86_64, r-oldrel-windows-ix86+x86_64, r-oldrel-osx-x86_64