CRAN Package Check Results for Package PATHChange

Last updated on 2018-08-21 16:50:34 CEST.

Flavor Version Tinstall Tcheck Ttotal Status Flags
r-devel-linux-x86_64-debian-clang 1.0 2.16 27.15 29.31 OK
r-devel-linux-x86_64-debian-gcc 1.0 1.85 21.96 23.81 OK
r-devel-linux-x86_64-fedora-clang 1.0 33.98 NOTE
r-devel-linux-x86_64-fedora-gcc 1.0 32.92 OK
r-devel-windows-ix86+x86_64 1.0 8.00 48.00 56.00 NOTE
r-patched-linux-x86_64 1.0 1.89 24.60 26.49 OK
r-patched-solaris-x86 1.0 52.30 NOTE
r-release-linux-x86_64 1.0 2.09 24.43 26.52 OK
r-release-windows-ix86+x86_64 1.0 7.00 48.00 55.00 NOTE
r-release-osx-x86_64 1.0 NOTE
r-oldrel-windows-ix86+x86_64 1.0 5.00 46.00 51.00 NOTE
r-oldrel-osx-x86_64 1.0 NOTE

Check Details

Version: 1.0
Check: installed package size
Result: NOTE
     installed size is 5.8Mb
     sub-directories of 1Mb or more:
     extdata 5.7Mb
Flavors: r-devel-linux-x86_64-fedora-clang, r-devel-windows-ix86+x86_64, r-patched-solaris-x86, r-release-windows-ix86+x86_64, r-release-osx-x86_64, r-oldrel-windows-ix86+x86_64, r-oldrel-osx-x86_64