CRAN Package Check Results for Package PATHChange

Last updated on 2019-02-19 22:51:40 CET.

Flavor Version Tinstall Tcheck Ttotal Status Flags
r-devel-linux-x86_64-debian-clang 1.0 2.46 26.13 28.59 OK
r-devel-linux-x86_64-debian-gcc 1.0 2.00 21.14 23.14 OK
r-devel-linux-x86_64-fedora-clang 1.0 34.43 NOTE
r-devel-linux-x86_64-fedora-gcc 1.0 32.96 OK
r-devel-windows-ix86+x86_64 1.0 7.00 57.00 64.00 NOTE
r-patched-linux-x86_64 1.0 1.77 24.43 26.20 OK
r-patched-solaris-x86 1.0 53.10 NOTE
r-release-linux-x86_64 1.0 2.03 24.56 26.59 OK
r-release-windows-ix86+x86_64 1.0 5.00 59.00 64.00 NOTE
r-release-osx-x86_64 1.0 NOTE
r-oldrel-windows-ix86+x86_64 1.0 9.00 43.00 52.00 NOTE
r-oldrel-osx-x86_64 1.0 NOTE

Check Details

Version: 1.0
Check: installed package size
Result: NOTE
     installed size is 5.8Mb
     sub-directories of 1Mb or more:
     extdata 5.7Mb
Flavors: r-devel-linux-x86_64-fedora-clang, r-devel-windows-ix86+x86_64, r-patched-solaris-x86, r-release-windows-ix86+x86_64, r-release-osx-x86_64, r-oldrel-windows-ix86+x86_64, r-oldrel-osx-x86_64