CRAN Package Check Results for Package PBD

Last updated on 2022-10-02 01:50:38 CEST.

Flavor Version Tinstall Tcheck Ttotal Status Flags
r-devel-linux-x86_64-debian-clang 1.4 4.24 93.50 97.74 OK
r-devel-linux-x86_64-debian-gcc 1.4 3.41 66.42 69.83 OK
r-devel-linux-x86_64-fedora-clang 1.4 125.63 NOTE
r-devel-linux-x86_64-fedora-gcc 1.4 120.12 NOTE
r-devel-windows-x86_64 1.4 12.00 117.00 129.00 OK
r-patched-linux-x86_64 1.4 5.38 87.75 93.13 OK
r-release-linux-x86_64 1.4 4.86 85.41 90.27 OK
r-release-macos-arm64 1.4 35.00 NOTE
r-release-macos-x86_64 1.4 42.00 NOTE
r-release-windows-x86_64 1.4 14.00 120.00 134.00 OK
r-oldrel-macos-arm64 1.4 42.00 NOTE
r-oldrel-macos-x86_64 1.4 52.00 NOTE
r-oldrel-windows-ix86+x86_64 1.4 8.00 116.00 124.00 OK

Check Details

Version: 1.4
Check: dependencies in R code
Result: NOTE
    Namespace in Imports field not imported from: ‘ade4’
     All declared Imports should be used.
Flavors: r-devel-linux-x86_64-fedora-clang, r-devel-linux-x86_64-fedora-gcc, r-release-macos-arm64, r-release-macos-x86_64, r-oldrel-macos-arm64, r-oldrel-macos-x86_64